19:21:17.882 T:139737649142144 DEBUG: VideoInfoScanner: Found episode match smb://TOWER/UNRAID/Anime/TV Shows/Gundam Collection/Correct Century/Turn A Gundam/DONOTSCAN/Turn A Gundam - 1x24 - Laura's Distant Howl.avi (s1e24) [[\\/\._ \[\(-]([0-9]+)x([0-9]+(?:(?:[a-i]|\.[1-9])(?![0-9]))?)([^\\/]*)$]
19:21:17.882 T:139737649142144 DEBUG: VideoInfoScanner: Found episode match smb://TOWER/UNRAID/Anime/TV Shows/Gundam Collection/Correct Century/Turn A Gundam/DONOTSCAN/Turn A Gundam - 1x25 - Willgem Takes Off.avi (s1e25) [[\\/\._ \[\(-]([0-9]+)x([0-9]+(?:(?:[a-i]|\.[1-9])(?![0-9]))?)([^\\/]*)$]
19:21:17.882 T:139737649142144 DEBUG: VideoInfoScanner: Found episode match smb://TOWER/UNRAID/Anime/TV Shows/Gundam Collection/Correct Century/Turn A Gundam/DONOTSCAN/Turn A Gundam - 1x26 - The Battle Of Enlightenment.avi (s1e26) [[\\/\._ \[\(-]([0-9]+)x([0-9]+(?:(?:[a-i]|\.[1-9])(?![0-9]))?)([^\\/]*)$]
19:21:17.882 T:139737649142144 DEBUG: VideoInfoScanner: Found episode match smb://TOWER/UNRAID/Anime/TV Shows/Gundam Collection/Correct Century/Turn A Gundam/DONOTSCAN/Turn A Gundam - 1x27 - Midnight Daybreak.avi (s1e27) [[\\/\._ \[\(-]([0-9]+)x([0-9]+(?:(?:[a-i]|\.[1-9])(?![0-9]))?)([^\\/]*)$]
19:21:17.882 T:139737649142144 DEBUG: VideoInfoScanner: Found episode match smb://TOWER/UNRAID/Anime/TV Shows/Gundam Collection/Correct Century/Turn A Gundam/DONOTSCAN/Turn A Gundam - 1x28 - Entrusted Things.avi (s1e28) [[\\/\._ \[\(-]([0-9]+)x([0-9]+(?:(?:[a-i]|\.[1-9])(?![0-9]))?)([^\\/]*)$]
19:21:17.882 T:139737649142144 DEBUG: VideoInfoScanner: Found episode match smb://TOWER/UNRAID/Anime/TV Shows/Gundam Collection/Correct Century/Turn A Gundam/DONOTSCAN/Turn A Gundam - 1x29 - Two In Soleil.avi (s1e29) [[\\/\._ \[\(-]([0-9]+)x([0-9]+(?:(?:[a-i]|\.[1-9])(?![0-9]))?)([^\\/]*)$]
19:21:17.882 T:139737649142144 DEBUG: VideoInfoScanner: Found episode match smb://TOWER/UNRAID/Anime/TV Shows/Gundam Collection/Correct Century/Turn A Gundam/DONOTSCAN/Turn A Gundam - 1x30 - Holding It In The Chest.avi (s1e30) [[\\/\._ \[\(-]([0-9]+)x([0-9]+(?:(?:[a-i]|\.[1-9])(?![0-9]))?)([^\\/]*)$]
19:21:17.882 T:139737649142144 DEBUG: VideoInfoScanner: Found episode match smb://TOWER/UNRAID/Anime/TV Shows/Gundam Collection/Correct Century/Turn A Gundam/DONOTSCAN/Turn A Gundam - 1x31 - Pursuit! Crybaby Poe.avi (s1e31) [[\\/\._ \[\(-]([0-9]+)x([0-9]+(?:(?:[a-i]|\.[1-9])(?![0-9]))?)([^\\/]*)$]
19:21:17.883 T:139737649142144 DEBUG: VideoInfoScanner: Found episode match smb://TOWER/UNRAID/Anime/TV Shows/Gundam Collection/Correct Century/Turn A Gundam/DONOTSCAN/Turn A Gundam - 1x32 - The King Of Legend.avi (s1e32) [[\\/\._ \[\(-]([0-9]+)x([0-9]+(?:(?:[a-i]|\.[1-9])(?![0-9]))?)([^\\/]*)$]
19:21:17.883 T:139737649142144 DEBUG: VideoInfoScanner: Found episode match smb://TOWER/UNRAID/Anime/TV Shows/Gundam Collection/Correct Century/Turn A Gundam/DONOTSCAN/Turn A Gundam - 1x33 - Captured Manuipich.avi (s1e33) [[\\/\._ \[\(-]([0-9]+)x([0-9]+(?:(?:[a-i]|\.[1-9])(?![0-9]))?)([^\\/]*)$]
19:21:17.883 T:139737649142144 DEBUG: VideoInfoScanner: Found episode match smb://TOWER/UNRAID/Anime/TV Shows/Gundam Collection/Correct Century/Turn A Gundam/DONOTSCAN/Turn A Gundam - 1x34 - Fly! Through The Stratosphere.avi (s1e34) [[\\/\._ \[\(-]([0-9]+)x([0-9]+(?:(?:[a-i]|\.[1-9])(?![0-9]))?)([^\\/]*)$]
19:21:17.883 T:139737649142144 DEBUG: VideoInfoScanner: Found episode match smb://TOWER/UNRAID/Anime/TV Shows/Gundam Collection/Correct Century/Turn A Gundam/DONOTSCAN/Turn A Gundam - 1x35 - Zacktraeger.avi (s1e35) [[\\/\._ \[\(-]([0-9]+)x([0-9]+(?:(?:[a-i]|\.[1-9])(?![0-9]))?)([^\\/]*)$]
19:21:17.883 T:139737649142144 DEBUG: VideoInfoScanner: Found episode match smb://TOWER/UNRAID/Anime/TV Shows/Gundam Collection/Correct Century/Turn A Gundam/DONOTSCAN/Turn A Gundam - 1x36 - The Militia's Decisive Space Battle.avi (s1e36) [[\\/\._ \[\(-]([0-9]+)x([0-9]+(?:(?:[a-i]|\.[1-9])(?![0-9]))?)([^\\/]*)$]
19:21:17.883 T:139737649142144 DEBUG: VideoInfoScanner: Found episode match smb://TOWER/UNRAID/Anime/TV Shows/Gundam Collection/Correct Century/Turn A Gundam/DONOTSCAN/Turn A Gundam - 1x37 - Gateway To The Moon.avi (s1e37) [[\\/\._ \[\(-]([0-9]+)x([0-9]+(?:(?:[a-i]|\.[1-9])(?![0-9]))?)([^\\/]*)$]
19:21:17.883 T:139737649142144 DEBUG: VideoInfoScanner: Found episode match smb://TOWER/UNRAID/Anime/TV Shows/Gundam Collection/Correct Century/Turn A Gundam/DONOTSCAN/Turn A Gundam - 1x38 - Battle God Ghingnham.avi (s1e38) [[\\/\._ \[\(-]([0-9]+)x([0-9]+(?:(?:[a-i]|\.[1-9])(?![0-9]))?)([^\\/]*)$]
19:21:17.883 T:139737649142144 DEBUG: VideoInfoScanner: Found episode match smb://TOWER/UNRAID/Anime/TV Shows/Gundam Collection/Correct Century/Turn A Gundam/DONOTSCAN/Turn A Gundam - 1x39 - The Small Planetary Explosion.avi (s1e39) [[\\/\._ \[\(-]([0-9]+)x([0-9]+(?:(?:[a-i]|\.[1-9])(?![0-9]))?)([^\\/]*)$]
19:21:17.883 T:139737649142144 DEBUG: VideoInfoScanner: Found episode match smb://TOWER/UNRAID/Anime/TV Shows/Gundam Collection/Correct Century/Turn A Gundam/DONOTSCAN/Turn A Gundam - 1x40 - Sea Battle On The Lunar Surface.avi (s1e40) [[\\/\._ \[\(-]([0-9]+)x([0-9]+(?:(?:[a-i]|\.[1-9])(?![0-9]))?)([^\\/]*)$]
19:21:17.883 T:139737649142144 DEBUG: VideoInfoScanner: Found episode match smb://TOWER/UNRAID/Anime/TV Shows/Gundam Collection/Correct Century/Turn A Gundam/DONOTSCAN/Turn A Gundam - 1x41 - Determined To Fight.avi (s1e41) [[\\/\._ \[\(-]([0-9]+)x([0-9]+(?:(?:[a-i]|\.[1-9])(?![0-9]))?)([^\\/]*)$]
19:21:17.883 T:139737649142144 DEBUG: VideoInfoScanner: Found episode match smb://TOWER/UNRAID/Anime/TV Shows/Gundam Collection/Correct Century/Turn A Gundam/DONOTSCAN/Turn A Gundam - 1x42 - Turn X Activated.avi (s1e42) [[\\/\._ \[\(-]([0-9]+)x([0-9]+(?:(?:[a-i]|\.[1-9])(?![0-9]))?)([^\\/]*)$]
19:21:17.884 T:139737649142144 DEBUG: VideoInfoScanner: Found episode match smb://TOWER/UNRAID/Anime/TV Shows/Gundam Collection/Correct Century/Turn A Gundam/DONOTSCAN/Turn A Gundam - 1x43 - The Shocking Black History.avi (s1e43) [[\\/\._ \[\(-]([0-9]+)x([0-9]+(?:(?:[a-i]|\.[1-9])(?![0-9]))?)([^\\/]*)$]
19:21:17.884 T:139737649142144 DEBUG: VideoInfoScanner: Found episode match smb://TOWER/UNRAID/Anime/TV Shows/Gundam Collection/Correct Century/Turn A Gundam/DONOTSCAN/Turn A Gundam - 1x44 - A New Enemy.avi (s1e44) [[\\/\._ \[\(-]([0-9]+)x([0-9]+(?:(?:[a-i]|\.[1-9])(?![0-9]))?)([^\\/]*)$]
19:21:17.884 T:139737649142144 DEBUG: VideoInfoScanner: Found episode match smb://TOWER/UNRAID/Anime/TV Shows/Gundam Collection/Correct Century/Turn A Gundam/DONOTSCAN/Turn A Gundam - 1x45 - Guin's Betrayal.avi (s1e45) [[\\/\._ \[\(-]([0-9]+)x([0-9]+(?:(?:[a-i]|\.[1-9])(?![0-9]))?)([^\\/]*)$]
19:21:17.884 T:139737649142144 DEBUG: VideoInfoScanner: Found episode match smb://TOWER/UNRAID/Anime/TV Shows/Gundam Collection/Correct Century/Turn A Gundam/DONOTSCAN/Turn A Gundam - 1x46 - Again, To Earth.avi (s1e46) [[\\/\._ \[\(-]([0-9]+)x([0-9]+(?:(?:[a-i]|\.[1-9])(?![0-9]))?)([^\\/]*)$]
19:21:17.884 T:139737649142144 DEBUG: VideoInfoScanner: Found episode match smb://TOWER/UNRAID/Anime/TV Shows/Gundam Collection/Correct Century/Turn A Gundam/DONOTSCAN/Turn A Gundam - 1x47 - Ghingnham's Invasion.avi (s1e47) [[\\/\._ \[\(-]([0-9]+)x([0-9]+(?:(?:[a-i]|\.[1-9])(?![0-9]))?)([^\\/]*)$]
19:21:17.884 T:139737649142144 DEBUG: VideoInfoScanner: Found episode match smb://TOWER/UNRAID/Anime/TV Shows/Gundam Collection/Correct Century/Turn A Gundam/DONOTSCAN/Turn A Gundam - 1x48 - Dianna's Repatriation.avi (s1e48) [[\\/\._ \[\(-]([0-9]+)x([0-9]+(?:(?:[a-i]|\.[1-9])(?![0-9]))?)([^\\/]*)$]
19:21:17.884 T:139737649142144 DEBUG: VideoInfoScanner: Found episode match smb://TOWER/UNRAID/Anime/TV Shows/Gundam Collection/Correct Century/Turn A Gundam/DONOTSCAN/Turn A Gundam - 1x49 - Moonlight Butterfly.avi (s1e49) [[\\/\._ \[\(-]([0-9]+)x([0-9]+(?:(?:[a-i]|\.[1-9])(?![0-9]))?)([^\\/]*)$]
19:21:17.884 T:139737649142144 DEBUG: VideoInfoScanner: Found episode match smb://TOWER/UNRAID/Anime/TV Shows/Gundam Collection/Correct Century/Turn A Gundam/DONOTSCAN/Turn A Gundam - 1x50 - Golden Autumn.avi (s1e50) [[\\/\._ \[\(-]([0-9]+)x([0-9]+(?:(?:[a-i]|\.[1-9])(?![0-9]))?)([^\\/]*)$]
19:21:17.884 T:139737649142144 DEBUG: VideoInfoScanner: Found episode match smb://TOWER/UNRAID/Anime/TV Shows/Gundam Collection/Correct Century/Turn A Gundam/Turn A Gundam - 1x01 - Howling to the Moon..mkv (s1e1) [[\\/\._ \[\(-]([0-9]+)x([0-9]+(?:(?:[a-i]|\.[1-9])(?![0-9]))?)([^\\/]*)$]
19:21:17.884 T:139737649142144 DEBUG: VideoInfoScanner: Found episode match smb://TOWER/UNRAID/Anime/TV Shows/Gundam Collection/Correct Century/Turn A Gundam/Turn A Gundam - 1x02 - The Coming Of Age Ceremony.mkv (s1e2) [[\\/\._ \[\(-]([0-9]+)x([0-9]+(?:(?:[a-i]|\.[1-9])(?![0-9]))?)([^\\/]*)$]
19:21:17.885 T:139737649142144 DEBUG: VideoInfoScanner: Found episode match smb://TOWER/UNRAID/Anime/TV Shows/Gundam Collection/Correct Century/Turn A Gundam/Turn A Gundam - 1x03 - After The Ceremony.mkv (s1e3) [[\\/\._ \[\(-]([0-9]+)x([0-9]+(?:(?:[a-i]|\.[1-9])(?![0-9]))?)([^\\/]*)$]
19:21:17.885 T:139737649142144 DEBUG: VideoInfoScanner: Found episode match smb://TOWER/UNRAID/Anime/TV Shows/Gundam Collection/Correct Century/Turn A Gundam/Turn A Gundam - 1x04 - Soldiers From Home.mkv (s1e4) [[\\/\._ \[\(-]([0-9]+)x([0-9]+(?:(?:[a-i]|\.[1-9])(?![0-9]))?)([^\\/]*)$]
19:21:17.885 T:139737649142144 DEBUG: VideoInfoScanner: Found episode match smb://TOWER/UNRAID/Anime/TV Shows/Gundam Collection/Correct Century/Turn A Gundam/Turn A Gundam - 1x05 - The Advent of Dianna.mkv (s1e5) [[\\/\._ \[\(-]([0-9]+)x([0-9]+(?:(?:[a-i]|\.[1-9])(?![0-9]))?)([^\\/]*)$]
19:21:17.885 T:139737649142144 DEBUG: VideoInfoScanner: Found episode match smb://TOWER/UNRAID/Anime/TV Shows/Gundam Collection/Correct Century/Turn A Gundam/Turn A Gundam - 1x06 - The Forgotten Past.mkv (s1e6) [[\\/\._ \[\(-]([0-9]+)x([0-9]+(?:(?:[a-i]|\.[1-9])(?![0-9]))?)([^\\/]*)$]
19:21:17.885 T:139737649142144 DEBUG: VideoInfoScanner: Found episode match smb://TOWER/UNRAID/Anime/TV Shows/Gundam Collection/Correct Century/Turn A Gundam/Turn A Gundam - 1x07 - Training To Be A Lady.mkv (s1e7) [[\\/\._ \[\(-]([0-9]+)x([0-9]+(?:(?:[a-i]|\.[1-9])(?![0-9]))?)([^\\/]*)$]
19:21:17.885 T:139737649142144 DEBUG: VideoInfoScanner: Found episode match smb://TOWER/UNRAID/Anime/TV Shows/Gundam Collection/Correct Century/Turn A Gundam/Turn A Gundam - 1x08 - Laura's Cow.mkv (s1e8) [[\\/\._ \[\(-]([0-9]+)x([0-9]+(?:(?:[a-i]|\.[1-9])(?![0-9]))?)([^\\/]*)$]
19:21:17.885 T:139737649142144 DEBUG: VideoInfoScanner: Found episode match smb://TOWER/UNRAID/Anime/TV Shows/Gundam Collection/Correct Century/Turn A Gundam/Turn A Gundam - 1x09 - Corin Called It Gundam.mkv (s1e9) [[\\/\._ \[\(-]([0-9]+)x([0-9]+(?:(?:[a-i]|\.[1-9])(?![0-9]))?)([^\\/]*)$]
19:21:17.885 T:139737649142144 DEBUG: VideoInfoScanner: Found episode match smb://TOWER/UNRAID/Anime/TV Shows/Gundam Collection/Correct Century/Turn A Gundam/Turn A Gundam - 1x10 - Gravesite Visit.mkv (s1e10) [[\\/\._ \[\(-]([0-9]+)x([0-9]+(?:(?:[a-i]|\.[1-9])(?![0-9]))?)([^\\/]*)$]
19:21:17.885 T:139737649142144 DEBUG: VideoInfoScanner: Found episode match smb://TOWER/UNRAID/Anime/TV Shows/Gundam Collection/Correct Century/Turn A Gundam/Turn A Gundam - 1x11 - The Destruction of Nocis.mkv (s1e11) [[\\/\._ \[\(-]([0-9]+)x([0-9]+(?:(?:[a-i]|\.[1-9])(?![0-9]))?)([^\\/]*)$]
19:21:17.885 T:139737649142144 DEBUG: VideoInfoScanner: Found episode match smb://TOWER/UNRAID/Anime/TV Shows/Gundam Collection/Correct Century/Turn A Gundam/Turn A Gundam - 1x12 - An Underground Corridor.mkv (s1e12) [[\\/\._ \[\(-]([0-9]+)x([0-9]+(?:(?:[a-i]|\.[1-9])(?![0-9]))?)([^\\/]*)$]
19:21:17.885 T:139737649142144 DEBUG: VideoInfoScanner: Found episode match smb://TOWER/UNRAID/Anime/TV Shows/Gundam Collection/Correct Century/Turn A Gundam/Turn A Gundam - 1x13 - An Older Person.mkv (s1e13) [[\\/\._ \[\(-]([0-9]+)x([0-9]+(?:(?:[a-i]|\.[1-9])(?![0-9]))?)([^\\/]*)$]
19:21:17.886 T:139737649142144 DEBUG: VideoInfoScanner: Found episode match smb://TOWER/UNRAID/Anime/TV Shows/Gundam Collection/Correct Century/Turn A Gundam/Turn A Gundam - 1x14 - Separated Again.mkv (s1e14) [[\\/\._ \[\(-]([0-9]+)x([0-9]+(?:(?:[a-i]|\.[1-9])(?![0-9]))?)([^\\/]*)$]
19:21:17.886 T:139737649142144 DEBUG: VideoInfoScanner: Found episode match smb://TOWER/UNRAID/Anime/TV Shows/Gundam Collection/Correct Century/Turn A Gundam/Turn A Gundam - 1x15 - Memories, Disappear.mkv (s1e15) [[\\/\._ \[\(-]([0-9]+)x([0-9]+(?:(?:[a-i]|\.[1-9])(?![0-9]))?)([^\\/]*)$]
19:21:17.886 T:139737649142144 DEBUG: VideoInfoScanner: Found episode match smb://TOWER/UNRAID/Anime/TV Shows/Gundam Collection/Correct Century/Turn A Gundam/Turn A Gundam - 1x16 - All About Turn A.mkv (s1e16) [[\\/\._ \[\(-]([0-9]+)x([0-9]+(?:(?:[a-i]|\.[1-9])(?![0-9]))?)([^\\/]*)$]
19:21:17.886 T:139737649142144 DEBUG: VideoInfoScanner: Found episode match smb://TOWER/UNRAID/Anime/TV Shows/Gundam Collection/Correct Century/Turn A Gundam/Turn A Gundam - 1x17 - Dust Blows On The Founding Of A Nation.mkv (s1e17) [[\\/\._ \[\(-]([0-9]+)x([0-9]+(?:(?:[a-i]|\.[1-9])(?![0-9]))?)([^\\/]*)$]
19:21:17.886 T:139737649142144 DEBUG: VideoInfoScanner: Found episode match smb://TOWER/UNRAID/Anime/TV Shows/Gundam Collection/Correct Century/Turn A Gundam/Turn A Gundam - 1x18 - Kihel And Dianna.mkv (s1e18) [[\\/\._ \[\(-]([0-9]+)x([0-9]+(?:(?:[a-i]|\.[1-9])(?![0-9]))?)([^\\/]*)$]
19:21:17.886 T:139737649142144 DEBUG: VideoInfoScanner: Found episode match smb://TOWER/UNRAID/Anime/TV Shows/Gundam Collection/Correct Century/Turn A Gundam/Turn A Gundam - 1x19 - Sochie's War.mkv (s1e19) [[\\/\._ \[\(-]([0-9]+)x([0-9]+(?:(?:[a-i]|\.[1-9])(?![0-9]))?)([^\\/]*)$]
19:21:17.886 T:139737649142144 DEBUG: VideoInfoScanner: Found episode match smb://TOWER/UNRAID/Anime/TV Shows/Gundam Collection/Correct Century/Turn A Gundam/Turn A Gundam - 1x20 - Anis Power.mkv (s1e20) [[\\/\._ \[\(-]([0-9]+)x([0-9]+(?:(?:[a-i]|\.[1-9])(?![0-9]))?)([^\\/]*)$]
19:21:17.886 T:139737649142144 DEBUG: VideoInfoScanner: Found episode match smb://TOWER/UNRAID/Anime/TV Shows/Gundam Collection/Correct Century/Turn A Gundam/Turn A Gundam - 1x21 - Dianna's Desperate Fight.mkv (s1e21) [[\\/\._ \[\(-]([0-9]+)x([0-9]+(?:(?:[a-i]|\.[1-9])(?![0-9]))?)([^\\/]*)$]
19:21:17.886 T:139737649142144 DEBUG: VideoInfoScanner: Found episode match smb://TOWER/UNRAID/Anime/TV Shows/Gundam Collection/Correct Century/Turn A Gundam/Turn A Gundam - 1x22 - Harry's Trouble.mkv (s1e22) [[\\/\._ \[\(-]([0-9]+)x([0-9]+(?:(?:[a-i]|\.[1-9])(?![0-9]))?)([^\\/]*)$]
19:21:17.886 T:139737649142144 DEBUG: VideoInfoScanner: Found episode match smb://TOWER/UNRAID/Anime/TV Shows/Gundam Collection/Correct Century/Turn A Gundam/Turn A Gundam - 1x23 - Teteth's Last Words.mkv (s1e23) [[\\/\._ \[\(-]([0-9]+)x([0-9]+(?:(?:[a-i]|\.[1-9])(?![0-9]))?)([^\\/]*)$]
19:21:17.886 T:139737649142144 DEBUG: VideoInfoScanner: Found episode match smb://TOWER/UNRAID/Anime/TV Shows/Gundam Collection/Correct Century/Turn A Gundam/Turn A Gundam - 1x24 - Laura's Distant Howl.mkv (s1e24) [[\\/\._ \[\(-]([0-9]+)x([0-9]+(?:(?:[a-i]|\.[1-9])(?![0-9]))?)([^\\/]*)$]
19:21:17.887 T:139737649142144 DEBUG: VideoInfoScanner: Found episode match smb://TOWER/UNRAID/Anime/TV Shows/Gundam Collection/Correct Century/Turn A Gundam/Turn A Gundam - 1x25 - Willgem Takes Off.mkv (s1e25) [[\\/\._ \[\(-]([0-9]+)x([0-9]+(?:(?:[a-i]|\.[1-9])(?![0-9]))?)([^\\/]*)$]
19:21:17.887 T:139737649142144 DEBUG: VideoInfoScanner: Found episode match smb://TOWER/UNRAID/Anime/TV Shows/Gundam Collection/Correct Century/Turn A Gundam/Turn A Gundam - 1x26 - The Battle Of Enlightenment.mkv (s1e26) [[\\/\._ \[\(-]([0-9]+)x([0-9]+(?:(?:[a-i]|\.[1-9])(?![0-9]))?)([^\\/]*)$]
19:21:17.887 T:139737649142144 DEBUG: VideoInfoScanner: Found episode match smb://TOWER/UNRAID/Anime/TV Shows/Gundam Collection/Correct Century/Turn A Gundam/Turn A Gundam - 1x27 - Midnight Daybreak.mkv (s1e27) [[\\/\._ \[\(-]([0-9]+)x([0-9]+(?:(?:[a-i]|\.[1-9])(?![0-9]))?)([^\\/]*)$]
19:21:17.887 T:139737649142144 DEBUG: VideoInfoScanner: Found episode match smb://TOWER/UNRAID/Anime/TV Shows/Gundam Collection/Correct Century/Turn A Gundam/Turn A Gundam - 1x28 - Entrusted Things.mkv (s1e28) [[\\/\._ \[\(-]([0-9]+)x([0-9]+(?:(?:[a-i]|\.[1-9])(?![0-9]))?)([^\\/]*)$]
19:21:17.887 T:139737649142144 DEBUG: VideoInfoScanner: Found episode match smb://TOWER/UNRAID/Anime/TV Shows/Gundam Collection/Correct Century/Turn A Gundam/Turn A Gundam - 1x29 - Two In Soleil.mkv (s1e29) [[\\/\._ \[\(-]([0-9]+)x([0-9]+(?:(?:[a-i]|\.[1-9])(?![0-9]))?)([^\\/]*)$]
19:21:17.887 T:139737649142144 DEBUG: VideoInfoScanner: Found episode match smb://TOWER/UNRAID/Anime/TV Shows/Gundam Collection/Correct Century/Turn A Gundam/Turn A Gundam - 1x30 - Holding It In The Chest.mkv (s1e30) [[\\/\._ \[\(-]([0-9]+)x([0-9]+(?:(?:[a-i]|\.[1-9])(?![0-9]))?)([^\\/]*)$]
19:21:17.887 T:139737649142144 DEBUG: VideoInfoScanner: Found episode match smb://TOWER/UNRAID/Anime/TV Shows/Gundam Collection/Correct Century/Turn A Gundam/Turn A Gundam - 1x31 - Pursuit! Crybaby Poe.mkv (s1e31) [[\\/\._ \[\(-]([0-9]+)x([0-9]+(?:(?:[a-i]|\.[1-9])(?![0-9]))?)([^\\/]*)$]
19:21:17.887 T:139737649142144 DEBUG: VideoInfoScanner: Found episode match smb://TOWER/UNRAID/Anime/TV Shows/Gundam Collection/Correct Century/Turn A Gundam/Turn A Gundam - 1x32 - The King Of Legend.mkv (s1e32) [[\\/\._ \[\(-]([0-9]+)x([0-9]+(?:(?:[a-i]|\.[1-9])(?![0-9]))?)([^\\/]*)$]
19:21:17.887 T:139737649142144 DEBUG: VideoInfoScanner: Found episode match smb://TOWER/UNRAID/Anime/TV Shows/Gundam Collection/Correct Century/Turn A Gundam/Turn A Gundam - 1x33 - Captured Manuipich.mkv (s1e33) [[\\/\._ \[\(-]([0-9]+)x([0-9]+(?:(?:[a-i]|\.[1-9])(?![0-9]))?)([^\\/]*)$]
19:21:17.887 T:139737649142144 DEBUG: VideoInfoScanner: Found episode match smb://TOWER/UNRAID/Anime/TV Shows/Gundam Collection/Correct Century/Turn A Gundam/Turn A Gundam - 1x34 - Fly! Through The Stratosphere.mkv (s1e34) [[\\/\._ \[\(-]([0-9]+)x([0-9]+(?:(?:[a-i]|\.[1-9])(?![0-9]))?)([^\\/]*)$]
19:21:17.887 T:139737649142144 DEBUG: VideoInfoScanner: Found episode match smb://TOWER/UNRAID/Anime/TV Shows/Gundam Collection/Correct Century/Turn A Gundam/Turn A Gundam - 1x35 - Zacktraeger.mkv (s1e35) [[\\/\._ \[\(-]([0-9]+)x([0-9]+(?:(?:[a-i]|\.[1-9])(?![0-9]))?)([^\\/]*)$]
19:21:17.888 T:139737649142144 DEBUG: VideoInfoScanner: Found episode match smb://TOWER/UNRAID/Anime/TV Shows/Gundam Collection/Correct Century/Turn A Gundam/Turn A Gundam - 1x36 - The Militia's Decisive Space Battle.mkv (s1e36) [[\\/\._ \[\(-]([0-9]+)x([0-9]+(?:(?:[a-i]|\.[1-9])(?![0-9]))?)([^\\/]*)$]
19:21:17.888 T:139737649142144 DEBUG: VideoInfoScanner: Found episode match smb://TOWER/UNRAID/Anime/TV Shows/Gundam Collection/Correct Century/Turn A Gundam/Turn A Gundam - 1x37 - Gateway To The Moon.mkv (s1e37) [[\\/\._ \[\(-]([0-9]+)x([0-9]+(?:(?:[a-i]|\.[1-9])(?![0-9]))?)([^\\/]*)$]
19:21:17.888 T:139737649142144 DEBUG: VideoInfoScanner: Found episode match smb://TOWER/UNRAID/Anime/TV Shows/Gundam Collection/Correct Century/Turn A Gundam/Turn A Gundam - 1x38 - Battle God Ghingnham.mkv (s1e38) [[\\/\._ \[\(-]([0-9]+)x([0-9]+(?:(?:[a-i]|\.[1-9])(?![0-9]))?)([^\\/]*)$]
19:21:17.888 T:139737649142144 DEBUG: VideoInfoScanner: Found episode match smb://TOWER/UNRAID/Anime/TV Shows/Gundam Collection/Correct Century/Turn A Gundam/Turn A Gundam - 1x39 - The Small Planetary Explosion.mkv (s1e39) [[\\/\._ \[\(-]([0-9]+)x([0-9]+(?:(?:[a-i]|\.[1-9])(?![0-9]))?)([^\\/]*)$]
19:21:17.888 T:139737649142144 DEBUG: VideoInfoScanner: Found episode match smb://TOWER/UNRAID/Anime/TV Shows/Gundam Collection/Correct Century/Turn A Gundam/Turn A Gundam - 1x40 - Sea Battle On The Lunar Surface.mkv (s1e40) [[\\/\._ \[\(-]([0-9]+)x([0-9]+(?:(?:[a-i]|\.[1-9])(?![0-9]))?)([^\\/]*)$]
19:21:17.888 T:139737649142144 DEBUG: VideoInfoScanner: Found episode match smb://TOWER/UNRAID/Anime/TV Shows/Gundam Collection/Correct Century/Turn A Gundam/Turn A Gundam - 1x41 - Determined To Fight.mkv (s1e41) [[\\/\._ \[\(-]([0-9]+)x([0-9]+(?:(?:[a-i]|\.[1-9])(?![0-9]))?)([^\\/]*)$]
19:21:17.888 T:139737649142144 DEBUG: VideoInfoScanner: Found episode match smb://TOWER/UNRAID/Anime/TV Shows/Gundam Collection/Correct Century/Turn A Gundam/Turn A Gundam - 1x42 - Turn X Activated.mkv (s1e42) [[\\/\._ \[\(-]([0-9]+)x([0-9]+(?:(?:[a-i]|\.[1-9])(?![0-9]))?)([^\\/]*)$]
19:21:17.888 T:139737649142144 DEBUG: VideoInfoScanner: Found episode match smb://TOWER/UNRAID/Anime/TV Shows/Gundam Collection/Correct Century/Turn A Gundam/Turn A Gundam - 1x43 - The Shocking Black History.mkv (s1e43) [[\\/\._ \[\(-]([0-9]+)x([0-9]+(?:(?:[a-i]|\.[1-9])(?![0-9]))?)([^\\/]*)$]
19:21:17.888 T:139737649142144 DEBUG: VideoInfoScanner: Found episode match smb://TOWER/UNRAID/Anime/TV Shows/Gundam Collection/Correct Century/Turn A Gundam/Turn A Gundam - 1x44 - A New Enemy.mkv (s1e44) [[\\/\._ \[\(-]([0-9]+)x([0-9]+(?:(?:[a-i]|\.[1-9])(?![0-9]))?)([^\\/]*)$]
19:21:17.888 T:139737649142144 DEBUG: VideoInfoScanner: Found episode match smb://TOWER/UNRAID/Anime/TV Shows/Gundam Collection/Correct Century/Turn A Gundam/Turn A Gundam - 1x45 - Guin's Betrayal.mkv (s1e45) [[\\/\._ \[\(-]([0-9]+)x([0-9]+(?:(?:[a-i]|\.[1-9])(?![0-9]))?)([^\\/]*)$]
19:21:17.888 T:139737649142144 DEBUG: VideoInfoScanner: Found episode match smb://TOWER/UNRAID/Anime/TV Shows/Gundam Collection/Correct Century/Turn A Gundam/Turn A Gundam - 1x46 - Again, To Earth.mkv (s1e46) [[\\/\._ \[\(-]([0-9]+)x([0-9]+(?:(?:[a-i]|\.[1-9])(?![0-9]))?)([^\\/]*)$]
19:21:17.889 T:139737649142144 DEBUG: VideoInfoScanner: Found episode match smb://TOWER/UNRAID/Anime/TV Shows/Gundam Collection/Correct Century/Turn A Gundam/Turn A Gundam - 1x47 - Ghingnham's Invasion.mkv (s1e47) [[\\/\._ \[\(-]([0-9]+)x([0-9]+(?:(?:[a-i]|\.[1-9])(?![0-9]))?)([^\\/]*)$]
19:21:17.889 T:139737649142144 DEBUG: VideoInfoScanner: Found episode match smb://TOWER/UNRAID/Anime/TV Shows/Gundam Collection/Correct Century/Turn A Gundam/Turn A Gundam - 1x48 - Dianna's Repatriation.mkv (s1e48) [[\\/\._ \[\(-]([0-9]+)x([0-9]+(?:(?:[a-i]|\.[1-9])(?![0-9]))?)([^\\/]*)$]
19:21:17.889 T:139737649142144 DEBUG: VideoInfoScanner: Found episode match smb://TOWER/UNRAID/Anime/TV Shows/Gundam Collection/Correct Century/Turn A Gundam/Turn A Gundam - 1x49 - Moonlight Butterfly.mkv (s1e49) [[\\/\._ \[\(-]([0-9]+)x([0-9]+(?:(?:[a-i]|\.[1-9])(?![0-9]))?)([^\\/]*)$]
19:21:17.889 T:139737649142144 DEBUG: VideoInfoScanner: Found episode match smb://TOWER/UNRAID/Anime/TV Shows/Gundam Collection/Correct Century/Turn A Gundam/Turn A Gundam - 1x50 - Golden Autumn.mkv (s1e50) [[\\/\._ \[\(-]([0-9]+)x([0-9]+(?:(?:[a-i]|\.[1-9])(?![0-9]))?)([^\\/]*)$]
19:21:17.912 T:139737649142144 DEBUG: GetEpisodeId (smb://TOWER/UNRAID/Anime/TV Shows/Gundam Collection/Correct Century/Turn A Gundam/DONOTSCAN/Turn A Gundam - 1x01 - Howling to the Moon..avi), query = select idEpisode from episode where idFile=5170
19:21:17.912 T:139737649142144 DEBUG: VideoInfoScanner: No NFO file found. Using title search for 'smb://TOWER/UNRAID/Anime/TV Shows/Gundam Collection/Correct Century/Turn A Gundam/DONOTSCAN/Turn A Gundam - 1x01 - Howling to the Moon..avi'
19:21:17.929 T:139737649142144 DEBUG: GetEpisodeList: Searching 'http://thetvdb.com/api/1D62F2F90030C444/series/71585/all/en.zip' using The TVDB scraper (file: '/usr/share/kodi/addons/metadata.tvdb.com', content: 'tvshows', version: '1.8.4')
19:21:17.932 T:139737649142144 DEBUG: scraper: GetEpisodeList returned Earth Lighthttp://thetvdb.com/api/1D62F2F90030C444/series/71585/all/en.zip1019883112002-02-09Moonlight Butterflyhttp://thetvdb.com/api/1D62F2F90030C444/series/71585/all/en.zip2035109912002-02-09Howling to the Moon.http://thetvdb.com/api/1D62F2F90030C444/series/71585/all/en.zip11511851999-04-09The Coming Of Age Ceremonyhttp://thetvdb.com/api/1D62F2F90030C444/series/71585/all/en.zip21511861999-04-16After The Ceremonyhttp://thetvdb.com/api/1D62F2F90030C444/series/71585/all/en.zip31511871999-04-23Soldiers From Homehttp://thetvdb.com/api/1D62F2F90030C444/series/71585/all/en.zip41511881999-04-30The Advent of Diannahttp://thetvdb.com/api/1D62F2F90030C444/series/71585/all/en.zip51511891999-05-07The Forgotten Pasthttp://thetvdb.com/api/1D62F2F90030C444/series/71585/all/en.zip61511901999-05-14Training To Be A Ladyhttp://thetvdb.com/api/1D62F2F90030C444/series/71585/all/en.zip71511911999-05-21Laura's Cowhttp://thetvdb.com/api/1D62F2F90030C444/series/71585/all/en.zip81511921999-05-28Corin Called It Gundamhttp://thetvdb.com/api/1D62F2F90030C444/series/71585/all/en.zip91511931999-06-04Gravesite Visithttp://thetvdb.com/api/1D62F2F90030C444/series/71585/all/en.zip101511941999-06-11The Destruction of Nocishttp://thetvdb.com/api/1D62F2F90030C444/series/71585/all/en.zip111511951999-06-18An Underground Corridorhttp://thetvdb.com/api/1D62F2F90030C444/series/71585/all/en.zip121511961999-06-25An Older Personhttp://thetvdb.com/api/1D62F2F90030C444/series/71585/all/en.zip131511971999-07-02Separated Againhttp://thetvdb.com/api/1D62F2F90030C444/series/71585/all/en.zip141511981999-07-09Memories, Disappearhttp://thetvdb.com/api/1D62F2F90030C444/series/71585/all/en.zip151511991999-07-16All About Turn Ahttp://thetvdb.com/api/1D62F2F90030C444/series/71585/all/en.zip161512001999-07-23Dust Blows On The Founding Of A Nationhttp://thetvdb.com/api/1D62F2F90030C444/series/71585/all/en.zip171512011999-07-30Kihel And Diannahttp://thetvdb.com/api/1D62F2F90030C444/series/71585/all/en.zip181512021999-08-06Sochie's Warhttp://thetvdb.com/api/1D62F2F90030C444/series/71585/all/en.zip191512031999-08-13Anis Powerhttp://thetvdb.com/api/1D62F2F90030C444/series/71585/all/en.zip201512041999-08-20Dianna's Desperate Fighthttp://thetvdb.com/api/1D62F2F90030C444/series/71585/all/en.zip211512051999-08-27Harry's Troublehttp://thetvdb.com/api/1D62F2F90030C444/series/71585/all/en.zip221512061999-09-03Teteth's Last Wordshttp://thetvdb.com/api/1D62F2F90030C444/series/71585/all/en.zip231512071999-09-10Laura's Distant Howlhttp://thetvdb.com/api/1D62F2F90030C444/series/71585/all/en.zip241512081999-09-17Willgem Takes Offhttp://thetvdb.com/api/1D62F2F90030C444/series/71585/all/en.zip251512091999-09-24The Battle Of Enlightenmenthttp://thetvdb.com/api/1D62F2F90030C444/series/71585/all/en.zip261512101999-10-08Midnight Daybreakhttp://thetvdb.com/api/1D62F2F90030C444/series/71585/all/en.zip271512111999-10-15Entrusted Thingshttp://thetvdb.com/api/1D62F2F90030C444/series/71585/all/en.zip281512121999-10-22Two In Soleilhttp://thetvdb.com/api/1D62F2F90030C444/series/71585/all/en.zip291512131999-10-28Holding It In The Chesthttp://thetvdb.com/api/1D62F2F90030C444/series/71585/all/en.zip301512141999-10-29Pursuit! Crybaby Poehttp://thetvdb.com/api/1D62F2F90030C444/series/71585/all/en.zip311512151999-11-05The King Of Legendhttp://thetvdb.com/api/1D62F2F90030C444/series/71585/all/en.zip321512161999-11-19Captured Manuipichhttp://thetvdb.com/api/1D62F2F90030C444/series/71585/all/en.zip331512171999-11-25Fly! Through The Stratospherehttp://thetvdb.com/api/1D62F2F90030C444/series/71585/all/en.zip341512181999-12-03Zacktraegerhttp://thetvdb.com/api/1D62F2F90030C444/series/71585/all/en.zip351512191999-12-10The Militia's Decisive Space Battlehttp://thetvdb.com/api/1D62F2F90030C444/series/71585/all/en.zip361512201999-12-17Gateway To The Moonhttp://thetvdb.com/api/1D62F2F90030C444/series/71585/all/en.zip371512211999-12-24Battle God Ghingnhamhttp://thetvdb.com/api/1D62F2F90030C444/series/71585/all/en.zip381512222000-01-07The Small Planetary Explosionhttp://thetvdb.com/api/1D62F2F90030C444/series/71585/all/en.zip391512232000-01-14Sea Battle On The Lunar Surfacehttp://thetvdb.com/api/1D62F2F90030C444/series/71585/all/en.zip401512242000-01-21Determined To Fighthttp://thetvdb.com/api/1D62F2F90030C444/series/71585/all/en.zip411512252000-01-28Turn X Activatedhttp://thetvdb.com/api/1D62F2F90030C444/series/71585/all/en.zip421512262000-02-04The Shocking Black Historyhttp://thetvdb.com/api/1D62F2F90030C444/series/71585/all/en.zip431512272000-02-11A New Enemyhttp://thetvdb.com/api/1D62F2F90030C444/series/71585/all/en.zip441512282000-02-18Guin's Betrayalhttp://thetvdb.com/api/1D62F2F90030C444/series/71585/all/en.zip451512292000-02-25Again, To Earthhttp://thetvdb.com/api/1D62F2F90030C444/series/71585/all/en.zip461512302000-03-03Ghingnham's Invasionhttp://thetvdb.com/api/1D62F2F90030C444/series/71585/all/en.zip471512312000-03-10Dianna's Repatriationhttp://thetvdb.com/api/1D62F2F90030C444/series/71585/all/en.zip481512322000-03-17Moonlight Butterflyhttp://thetvdb.com/api/1D62F2F90030C444/series/71585/all/en.zip491512332000-03-24Golden Autumnhttp://thetvdb.com/api/1D62F2F90030C444/series/71585/all/en.zip501512342000-04-14
19:21:17.933 T:139736749926144 DEBUG: Thread VideoInfoDownloader start, auto delete: false
19:21:17.933 T:139736749926144 DEBUG: GetVideoDetails: Reading episode 'http://thetvdb.com/api/1D62F2F90030C444/series/71585/all/en.zip' using The TVDB scraper (file: '/usr/share/kodi/addons/metadata.tvdb.com', content: 'tvshows', version: '1.8.4')
19:21:17.935 T:139736749926144 DEBUG: scraper: GetEpisodeDetails returned
51185Loran lands on Earth and begins working for a wealthy family as their driver. Meanwhile, he meets up with his fellow comrades and discusses their plans.Howling to the Moon.11http://thetvdb.com/banners/episodes/71585/51185.jpg1999-04-09025
19:21:17.935 T:139736749926144 DEBUG: Thread VideoInfoDownloader 139736749926144 terminating
19:21:17.947 T:139737649142144 DEBUG: VideoInfoScanner: Adding new item to tvshows:smb://TOWER/UNRAID/Anime/TV Shows/Gundam Collection/Correct Century/Turn A Gundam/DONOTSCAN/Turn A Gundam - 1x01 - Howling to the Moon..avi
19:21:17.962 T:139737173862144 DEBUG: CAnnouncementManager - Announcement: OnUpdate from xbmc
19:21:17.962 T:139737173862144 DEBUG: GOT ANNOUNCEMENT, type: 16, from xbmc, message OnUpdate
19:21:17.964 T:139737649142144 DEBUG: GetEpisodeId (smb://TOWER/UNRAID/Anime/TV Shows/Gundam Collection/Correct Century/Turn A Gundam/DONOTSCAN/Turn A Gundam - 1x02 - The Coming Of Age Ceremony.avi), query = select idEpisode from episode where idFile=5171
19:21:17.964 T:139737649142144 DEBUG: VideoInfoScanner: No NFO file found. Using title search for 'smb://TOWER/UNRAID/Anime/TV Shows/Gundam Collection/Correct Century/Turn A Gundam/DONOTSCAN/Turn A Gundam - 1x02 - The Coming Of Age Ceremony.avi'
19:21:17.965 T:139736749926144 DEBUG: Thread VideoInfoDownloader start, auto delete: false
19:21:17.965 T:139736749926144 DEBUG: GetVideoDetails: Reading episode 'http://thetvdb.com/api/1D62F2F90030C444/series/71585/all/en.zip' using The TVDB scraper (file: '/usr/share/kodi/addons/metadata.tvdb.com', content: 'tvshows', version: '1.8.4')
19:21:17.967 T:139736749926144 DEBUG: scraper: GetEpisodeDetails returned
51186The Coming of Age Ceremony begins; however, during that time the Moon Race begins its invasion. The White Doll Statue crumbles revealing the Turn A Gundam and Loran uses it to fight back the Moon Race.The Coming Of Age Ceremony12http://thetvdb.com/banners/episodes/71585/51186.jpg1999-04-16025
19:21:17.967 T:139736749926144 DEBUG: Thread VideoInfoDownloader 139736749926144 terminating
19:21:17.981 T:139737649142144 DEBUG: VideoInfoScanner: Adding new item to tvshows:smb://TOWER/UNRAID/Anime/TV Shows/Gundam Collection/Correct Century/Turn A Gundam/DONOTSCAN/Turn A Gundam - 1x02 - The Coming Of Age Ceremony.avi
19:21:17.994 T:139737173862144 DEBUG: CAnnouncementManager - Announcement: OnUpdate from xbmc
19:21:17.994 T:139737173862144 DEBUG: GOT ANNOUNCEMENT, type: 16, from xbmc, message OnUpdate
19:21:17.997 T:139737649142144 DEBUG: GetEpisodeId (smb://TOWER/UNRAID/Anime/TV Shows/Gundam Collection/Correct Century/Turn A Gundam/DONOTSCAN/Turn A Gundam - 1x03 - After The Ceremony.avi), query = select idEpisode from episode where idFile=5172
19:21:17.997 T:139737649142144 DEBUG: VideoInfoScanner: No NFO file found. Using title search for 'smb://TOWER/UNRAID/Anime/TV Shows/Gundam Collection/Correct Century/Turn A Gundam/DONOTSCAN/Turn A Gundam - 1x03 - After The Ceremony.avi'
19:21:17.997 T:139736749926144 DEBUG: Thread VideoInfoDownloader start, auto delete: false
19:21:17.997 T:139736749926144 DEBUG: GetVideoDetails: Reading episode 'http://thetvdb.com/api/1D62F2F90030C444/series/71585/all/en.zip' using The TVDB scraper (file: '/usr/share/kodi/addons/metadata.tvdb.com', content: 'tvshows', version: '1.8.4')
19:21:17.999 T:139736749926144 DEBUG: scraper: GetEpisodeDetails returned
51187After The Ceremony13http://thetvdb.com/banners/episodes/71585/51187.jpg1999-04-23025
19:21:18.000 T:139736749926144 DEBUG: Thread VideoInfoDownloader 139736749926144 terminating
19:21:18.014 T:139737649142144 DEBUG: VideoInfoScanner: Adding new item to tvshows:smb://TOWER/UNRAID/Anime/TV Shows/Gundam Collection/Correct Century/Turn A Gundam/DONOTSCAN/Turn A Gundam - 1x03 - After The Ceremony.avi
19:21:18.027 T:139737173862144 DEBUG: CAnnouncementManager - Announcement: OnUpdate from xbmc
19:21:18.027 T:139737173862144 DEBUG: GOT ANNOUNCEMENT, type: 16, from xbmc, message OnUpdate
19:21:18.030 T:139737649142144 DEBUG: GetEpisodeId (smb://TOWER/UNRAID/Anime/TV Shows/Gundam Collection/Correct Century/Turn A Gundam/DONOTSCAN/Turn A Gundam - 1x04 - Soldiers From Home.avi), query = select idEpisode from episode where idFile=5173
19:21:18.030 T:139737649142144 DEBUG: VideoInfoScanner: No NFO file found. Using title search for 'smb://TOWER/UNRAID/Anime/TV Shows/Gundam Collection/Correct Century/Turn A Gundam/DONOTSCAN/Turn A Gundam - 1x04 - Soldiers From Home.avi'
19:21:18.030 T:139736749926144 DEBUG: Thread VideoInfoDownloader start, auto delete: false
19:21:18.030 T:139736749926144 DEBUG: GetVideoDetails: Reading episode 'http://thetvdb.com/api/1D62F2F90030C444/series/71585/all/en.zip' using The TVDB scraper (file: '/usr/share/kodi/addons/metadata.tvdb.com', content: 'tvshows', version: '1.8.4')
19:21:18.032 T:139736749926144 DEBUG: scraper: GetEpisodeDetails returned
51188Soldiers From Home14http://thetvdb.com/banners/episodes/71585/51188.jpg1999-04-30025
19:21:18.032 T:139736749926144 DEBUG: Thread VideoInfoDownloader 139736749926144 terminating
19:21:18.047 T:139737649142144 DEBUG: VideoInfoScanner: Adding new item to tvshows:smb://TOWER/UNRAID/Anime/TV Shows/Gundam Collection/Correct Century/Turn A Gundam/DONOTSCAN/Turn A Gundam - 1x04 - Soldiers From Home.avi
19:21:18.061 T:139737173862144 DEBUG: CAnnouncementManager - Announcement: OnUpdate from xbmc
19:21:18.061 T:139737173862144 DEBUG: GOT ANNOUNCEMENT, type: 16, from xbmc, message OnUpdate
19:21:18.064 T:139737649142144 DEBUG: GetEpisodeId (smb://TOWER/UNRAID/Anime/TV Shows/Gundam Collection/Correct Century/Turn A Gundam/DONOTSCAN/Turn A Gundam - 1x05 - The Advent of Dianna.avi), query = select idEpisode from episode where idFile=5174
19:21:18.064 T:139737649142144 DEBUG: VideoInfoScanner: No NFO file found. Using title search for 'smb://TOWER/UNRAID/Anime/TV Shows/Gundam Collection/Correct Century/Turn A Gundam/DONOTSCAN/Turn A Gundam - 1x05 - The Advent of Dianna.avi'
19:21:18.064 T:139736749926144 DEBUG: Thread VideoInfoDownloader start, auto delete: false
19:21:18.064 T:139736749926144 DEBUG: GetVideoDetails: Reading episode 'http://thetvdb.com/api/1D62F2F90030C444/series/71585/all/en.zip' using The TVDB scraper (file: '/usr/share/kodi/addons/metadata.tvdb.com', content: 'tvshows', version: '1.8.4')
19:21:18.066 T:139736749926144 DEBUG: scraper: GetEpisodeDetails returned
51189The Advent of Dianna15http://thetvdb.com/banners/episodes/71585/51189.jpg1999-05-07025
19:21:18.066 T:139736749926144 DEBUG: Thread VideoInfoDownloader 139736749926144 terminating
19:21:18.081 T:139737649142144 DEBUG: VideoInfoScanner: Adding new item to tvshows:smb://TOWER/UNRAID/Anime/TV Shows/Gundam Collection/Correct Century/Turn A Gundam/DONOTSCAN/Turn A Gundam - 1x05 - The Advent of Dianna.avi
19:21:18.095 T:139737173862144 DEBUG: CAnnouncementManager - Announcement: OnUpdate from xbmc
19:21:18.095 T:139737173862144 DEBUG: GOT ANNOUNCEMENT, type: 16, from xbmc, message OnUpdate
19:21:18.097 T:139737649142144 DEBUG: GetEpisodeId (smb://TOWER/UNRAID/Anime/TV Shows/Gundam Collection/Correct Century/Turn A Gundam/DONOTSCAN/Turn A Gundam - 1x06 - The Forgotten Past.avi), query = select idEpisode from episode where idFile=5175
19:21:18.098 T:139737649142144 DEBUG: VideoInfoScanner: No NFO file found. Using title search for 'smb://TOWER/UNRAID/Anime/TV Shows/Gundam Collection/Correct Century/Turn A Gundam/DONOTSCAN/Turn A Gundam - 1x06 - The Forgotten Past.avi'
19:21:18.098 T:139736749926144 DEBUG: Thread VideoInfoDownloader start, auto delete: false
19:21:18.098 T:139736749926144 DEBUG: GetVideoDetails: Reading episode 'http://thetvdb.com/api/1D62F2F90030C444/series/71585/all/en.zip' using The TVDB scraper (file: '/usr/share/kodi/addons/metadata.tvdb.com', content: 'tvshows', version: '1.8.4')
19:21:18.100 T:139736749926144 DEBUG: scraper: GetEpisodeDetails returned
51190The Forgotten Past16http://thetvdb.com/banners/episodes/71585/51190.jpg1999-05-14025
19:21:18.100 T:139736749926144 DEBUG: Thread VideoInfoDownloader 139736749926144 terminating
19:21:18.114 T:139737649142144 DEBUG: VideoInfoScanner: Adding new item to tvshows:smb://TOWER/UNRAID/Anime/TV Shows/Gundam Collection/Correct Century/Turn A Gundam/DONOTSCAN/Turn A Gundam - 1x06 - The Forgotten Past.avi
19:21:18.127 T:139737173862144 DEBUG: CAnnouncementManager - Announcement: OnUpdate from xbmc
19:21:18.127 T:139737173862144 DEBUG: GOT ANNOUNCEMENT, type: 16, from xbmc, message OnUpdate
19:21:18.130 T:139737649142144 DEBUG: GetEpisodeId (smb://TOWER/UNRAID/Anime/TV Shows/Gundam Collection/Correct Century/Turn A Gundam/DONOTSCAN/Turn A Gundam - 1x07 - Training To Be A Lady.avi), query = select idEpisode from episode where idFile=5176
19:21:18.130 T:139737649142144 DEBUG: VideoInfoScanner: No NFO file found. Using title search for 'smb://TOWER/UNRAID/Anime/TV Shows/Gundam Collection/Correct Century/Turn A Gundam/DONOTSCAN/Turn A Gundam - 1x07 - Training To Be A Lady.avi'
19:21:18.130 T:139736749926144 DEBUG: Thread VideoInfoDownloader start, auto delete: false
19:21:18.130 T:139736749926144 DEBUG: GetVideoDetails: Reading episode 'http://thetvdb.com/api/1D62F2F90030C444/series/71585/all/en.zip' using The TVDB scraper (file: '/usr/share/kodi/addons/metadata.tvdb.com', content: 'tvshows', version: '1.8.4')
19:21:18.133 T:139736749926144 DEBUG: scraper: GetEpisodeDetails returned
51191Training To Be A Lady17http://thetvdb.com/banners/episodes/71585/51191.jpg1999-05-21025
19:21:18.133 T:139736749926144 DEBUG: Thread VideoInfoDownloader 139736749926144 terminating
19:21:18.147 T:139737649142144 DEBUG: VideoInfoScanner: Adding new item to tvshows:smb://TOWER/UNRAID/Anime/TV Shows/Gundam Collection/Correct Century/Turn A Gundam/DONOTSCAN/Turn A Gundam - 1x07 - Training To Be A Lady.avi
19:21:18.163 T:139737173862144 DEBUG: CAnnouncementManager - Announcement: OnUpdate from xbmc
19:21:18.163 T:139737173862144 DEBUG: GOT ANNOUNCEMENT, type: 16, from xbmc, message OnUpdate
19:21:18.166 T:139737649142144 DEBUG: GetEpisodeId (smb://TOWER/UNRAID/Anime/TV Shows/Gundam Collection/Correct Century/Turn A Gundam/DONOTSCAN/Turn A Gundam - 1x08 - Laura's Cow.avi), query = select idEpisode from episode where idFile=5177
19:21:18.166 T:139737649142144 DEBUG: VideoInfoScanner: No NFO file found. Using title search for 'smb://TOWER/UNRAID/Anime/TV Shows/Gundam Collection/Correct Century/Turn A Gundam/DONOTSCAN/Turn A Gundam - 1x08 - Laura's Cow.avi'
19:21:18.166 T:139736749926144 DEBUG: Thread VideoInfoDownloader start, auto delete: false
19:21:18.166 T:139736749926144 DEBUG: GetVideoDetails: Reading episode 'http://thetvdb.com/api/1D62F2F90030C444/series/71585/all/en.zip' using The TVDB scraper (file: '/usr/share/kodi/addons/metadata.tvdb.com', content: 'tvshows', version: '1.8.4')
19:21:18.168 T:139736749926144 DEBUG: scraper: GetEpisodeDetails returned
51192Laura's Cow18http://thetvdb.com/banners/episodes/71585/51192.jpg1999-05-28025
19:21:18.168 T:139736749926144 DEBUG: Thread VideoInfoDownloader 139736749926144 terminating
19:21:18.181 T:139737649142144 DEBUG: VideoInfoScanner: Adding new item to tvshows:smb://TOWER/UNRAID/Anime/TV Shows/Gundam Collection/Correct Century/Turn A Gundam/DONOTSCAN/Turn A Gundam - 1x08 - Laura's Cow.avi
19:21:18.194 T:139737173862144 DEBUG: CAnnouncementManager - Announcement: OnUpdate from xbmc
19:21:18.194 T:139737173862144 DEBUG: GOT ANNOUNCEMENT, type: 16, from xbmc, message OnUpdate
19:21:18.197 T:139737649142144 DEBUG: GetEpisodeId (smb://TOWER/UNRAID/Anime/TV Shows/Gundam Collection/Correct Century/Turn A Gundam/DONOTSCAN/Turn A Gundam - 1x09 - Corin Called It Gundam.avi), query = select idEpisode from episode where idFile=5178
19:21:18.197 T:139737649142144 DEBUG: VideoInfoScanner: No NFO file found. Using title search for 'smb://TOWER/UNRAID/Anime/TV Shows/Gundam Collection/Correct Century/Turn A Gundam/DONOTSCAN/Turn A Gundam - 1x09 - Corin Called It Gundam.avi'
19:21:18.198 T:139736749926144 DEBUG: Thread VideoInfoDownloader start, auto delete: false
19:21:18.198 T:139736749926144 DEBUG: GetVideoDetails: Reading episode 'http://thetvdb.com/api/1D62F2F90030C444/series/71585/all/en.zip' using The TVDB scraper (file: '/usr/share/kodi/addons/metadata.tvdb.com', content: 'tvshows', version: '1.8.4')
19:21:18.200 T:139736749926144 DEBUG: scraper: GetEpisodeDetails returned
51193Corin Called It Gundam19http://thetvdb.com/banners/episodes/71585/51193.jpg1999-06-04025
19:21:18.200 T:139736749926144 DEBUG: Thread VideoInfoDownloader 139736749926144 terminating
19:21:18.214 T:139737649142144 DEBUG: VideoInfoScanner: Adding new item to tvshows:smb://TOWER/UNRAID/Anime/TV Shows/Gundam Collection/Correct Century/Turn A Gundam/DONOTSCAN/Turn A Gundam - 1x09 - Corin Called It Gundam.avi
19:21:18.227 T:139737173862144 DEBUG: CAnnouncementManager - Announcement: OnUpdate from xbmc
19:21:18.228 T:139737173862144 DEBUG: GOT ANNOUNCEMENT, type: 16, from xbmc, message OnUpdate
19:21:18.230 T:139737649142144 DEBUG: GetEpisodeId (smb://TOWER/UNRAID/Anime/TV Shows/Gundam Collection/Correct Century/Turn A Gundam/DONOTSCAN/Turn A Gundam - 1x10 - Gravesite Visit.avi), query = select idEpisode from episode where idFile=5179
19:21:18.230 T:139737649142144 DEBUG: VideoInfoScanner: No NFO file found. Using title search for 'smb://TOWER/UNRAID/Anime/TV Shows/Gundam Collection/Correct Century/Turn A Gundam/DONOTSCAN/Turn A Gundam - 1x10 - Gravesite Visit.avi'
19:21:18.230 T:139736749926144 DEBUG: Thread VideoInfoDownloader start, auto delete: false
19:21:18.230 T:139736749926144 DEBUG: GetVideoDetails: Reading episode 'http://thetvdb.com/api/1D62F2F90030C444/series/71585/all/en.zip' using The TVDB scraper (file: '/usr/share/kodi/addons/metadata.tvdb.com', content: 'tvshows', version: '1.8.4')
19:21:18.233 T:139736749926144 DEBUG: scraper: GetEpisodeDetails returned
51194Gravesite Visit110http://thetvdb.com/banners/episodes/71585/51194.jpg1999-06-11025
19:21:18.233 T:139736749926144 DEBUG: Thread VideoInfoDownloader 139736749926144 terminating
19:21:18.247 T:139737649142144 DEBUG: VideoInfoScanner: Adding new item to tvshows:smb://TOWER/UNRAID/Anime/TV Shows/Gundam Collection/Correct Century/Turn A Gundam/DONOTSCAN/Turn A Gundam - 1x10 - Gravesite Visit.avi
19:21:18.261 T:139737173862144 DEBUG: CAnnouncementManager - Announcement: OnUpdate from xbmc
19:21:18.261 T:139737173862144 DEBUG: GOT ANNOUNCEMENT, type: 16, from xbmc, message OnUpdate
19:21:18.264 T:139737649142144 DEBUG: GetEpisodeId (smb://TOWER/UNRAID/Anime/TV Shows/Gundam Collection/Correct Century/Turn A Gundam/DONOTSCAN/Turn A Gundam - 1x11 - The Destruction of Nocis.avi), query = select idEpisode from episode where idFile=5180
19:21:18.264 T:139737649142144 DEBUG: VideoInfoScanner: No NFO file found. Using title search for 'smb://TOWER/UNRAID/Anime/TV Shows/Gundam Collection/Correct Century/Turn A Gundam/DONOTSCAN/Turn A Gundam - 1x11 - The Destruction of Nocis.avi'
19:21:18.264 T:139736749926144 DEBUG: Thread VideoInfoDownloader start, auto delete: false
19:21:18.264 T:139736749926144 DEBUG: GetVideoDetails: Reading episode 'http://thetvdb.com/api/1D62F2F90030C444/series/71585/all/en.zip' using The TVDB scraper (file: '/usr/share/kodi/addons/metadata.tvdb.com', content: 'tvshows', version: '1.8.4')
19:21:18.266 T:139736749926144 DEBUG: scraper: GetEpisodeDetails returned
51195The Destruction of Nocis111http://thetvdb.com/banners/episodes/71585/51195.jpg1999-06-18025
19:21:18.266 T:139736749926144 DEBUG: Thread VideoInfoDownloader 139736749926144 terminating
19:21:18.281 T:139737649142144 DEBUG: VideoInfoScanner: Adding new item to tvshows:smb://TOWER/UNRAID/Anime/TV Shows/Gundam Collection/Correct Century/Turn A Gundam/DONOTSCAN/Turn A Gundam - 1x11 - The Destruction of Nocis.avi
19:21:18.295 T:139737173862144 DEBUG: CAnnouncementManager - Announcement: OnUpdate from xbmc
19:21:18.295 T:139737173862144 DEBUG: GOT ANNOUNCEMENT, type: 16, from xbmc, message OnUpdate
19:21:18.297 T:139737649142144 DEBUG: GetEpisodeId (smb://TOWER/UNRAID/Anime/TV Shows/Gundam Collection/Correct Century/Turn A Gundam/DONOTSCAN/Turn A Gundam - 1x12 - An Underground Corridor.avi), query = select idEpisode from episode where idFile=5181
19:21:18.298 T:139737649142144 DEBUG: VideoInfoScanner: No NFO file found. Using title search for 'smb://TOWER/UNRAID/Anime/TV Shows/Gundam Collection/Correct Century/Turn A Gundam/DONOTSCAN/Turn A Gundam - 1x12 - An Underground Corridor.avi'
19:21:18.298 T:139736749926144 DEBUG: Thread VideoInfoDownloader start, auto delete: false
19:21:18.298 T:139736749926144 DEBUG: GetVideoDetails: Reading episode 'http://thetvdb.com/api/1D62F2F90030C444/series/71585/all/en.zip' using The TVDB scraper (file: '/usr/share/kodi/addons/metadata.tvdb.com', content: 'tvshows', version: '1.8.4')
19:21:18.300 T:139736749926144 DEBUG: scraper: GetEpisodeDetails returned
51196An Underground Corridor112http://thetvdb.com/banners/episodes/71585/51196.jpg1999-06-25025
19:21:18.300 T:139736749926144 DEBUG: Thread VideoInfoDownloader 139736749926144 terminating
19:21:18.314 T:139737649142144 DEBUG: VideoInfoScanner: Adding new item to tvshows:smb://TOWER/UNRAID/Anime/TV Shows/Gundam Collection/Correct Century/Turn A Gundam/DONOTSCAN/Turn A Gundam - 1x12 - An Underground Corridor.avi
19:21:18.329 T:139737173862144 DEBUG: CAnnouncementManager - Announcement: OnUpdate from xbmc
19:21:18.329 T:139737173862144 DEBUG: GOT ANNOUNCEMENT, type: 16, from xbmc, message OnUpdate
19:21:18.331 T:139737649142144 DEBUG: GetEpisodeId (smb://TOWER/UNRAID/Anime/TV Shows/Gundam Collection/Correct Century/Turn A Gundam/DONOTSCAN/Turn A Gundam - 1x13 - An Older Person.avi), query = select idEpisode from episode where idFile=5182
19:21:18.331 T:139737649142144 DEBUG: VideoInfoScanner: No NFO file found. Using title search for 'smb://TOWER/UNRAID/Anime/TV Shows/Gundam Collection/Correct Century/Turn A Gundam/DONOTSCAN/Turn A Gundam - 1x13 - An Older Person.avi'
19:21:18.331 T:139736749926144 DEBUG: Thread VideoInfoDownloader start, auto delete: false
19:21:18.331 T:139736749926144 DEBUG: GetVideoDetails: Reading episode 'http://thetvdb.com/api/1D62F2F90030C444/series/71585/all/en.zip' using The TVDB scraper (file: '/usr/share/kodi/addons/metadata.tvdb.com', content: 'tvshows', version: '1.8.4')
19:21:18.333 T:139736749926144 DEBUG: scraper: GetEpisodeDetails returned
51197An Older Person113http://thetvdb.com/banners/episodes/71585/51197.jpg1999-07-02025
19:21:18.333 T:139736749926144 DEBUG: Thread VideoInfoDownloader 139736749926144 terminating
19:21:18.347 T:139737649142144 DEBUG: VideoInfoScanner: Adding new item to tvshows:smb://TOWER/UNRAID/Anime/TV Shows/Gundam Collection/Correct Century/Turn A Gundam/DONOTSCAN/Turn A Gundam - 1x13 - An Older Person.avi
19:21:18.365 T:139737173862144 DEBUG: CAnnouncementManager - Announcement: OnUpdate from xbmc
19:21:18.365 T:139737173862144 DEBUG: GOT ANNOUNCEMENT, type: 16, from xbmc, message OnUpdate
19:21:18.368 T:139737649142144 DEBUG: GetEpisodeId (smb://TOWER/UNRAID/Anime/TV Shows/Gundam Collection/Correct Century/Turn A Gundam/DONOTSCAN/Turn A Gundam - 1x14 - Separated Again.avi), query = select idEpisode from episode where idFile=5183
19:21:18.368 T:139737649142144 DEBUG: VideoInfoScanner: No NFO file found. Using title search for 'smb://TOWER/UNRAID/Anime/TV Shows/Gundam Collection/Correct Century/Turn A Gundam/DONOTSCAN/Turn A Gundam - 1x14 - Separated Again.avi'
19:21:18.368 T:139736749926144 DEBUG: Thread VideoInfoDownloader start, auto delete: false
19:21:18.368 T:139736749926144 DEBUG: GetVideoDetails: Reading episode 'http://thetvdb.com/api/1D62F2F90030C444/series/71585/all/en.zip' using The TVDB scraper (file: '/usr/share/kodi/addons/metadata.tvdb.com', content: 'tvshows', version: '1.8.4')
19:21:18.370 T:139736749926144 DEBUG: scraper: GetEpisodeDetails returned
51198Separated Again114http://thetvdb.com/banners/episodes/71585/51198.jpg1999-07-09025
19:21:18.370 T:139736749926144 DEBUG: Thread VideoInfoDownloader 139736749926144 terminating
19:21:18.381 T:139737649142144 DEBUG: VideoInfoScanner: Adding new item to tvshows:smb://TOWER/UNRAID/Anime/TV Shows/Gundam Collection/Correct Century/Turn A Gundam/DONOTSCAN/Turn A Gundam - 1x14 - Separated Again.avi
19:21:18.395 T:139737173862144 DEBUG: CAnnouncementManager - Announcement: OnUpdate from xbmc
19:21:18.395 T:139737173862144 DEBUG: GOT ANNOUNCEMENT, type: 16, from xbmc, message OnUpdate
19:21:18.398 T:139737649142144 DEBUG: GetEpisodeId (smb://TOWER/UNRAID/Anime/TV Shows/Gundam Collection/Correct Century/Turn A Gundam/DONOTSCAN/Turn A Gundam - 1x15 - Memories, Disappear.avi), query = select idEpisode from episode where idFile=5184
19:21:18.398 T:139737649142144 DEBUG: VideoInfoScanner: No NFO file found. Using title search for 'smb://TOWER/UNRAID/Anime/TV Shows/Gundam Collection/Correct Century/Turn A Gundam/DONOTSCAN/Turn A Gundam - 1x15 - Memories, Disappear.avi'
19:21:18.398 T:139736749926144 DEBUG: Thread VideoInfoDownloader start, auto delete: false
