19:21:20.713 T:139736749926144 DEBUG: GetVideoDetails: Reading episode 'http://thetvdb.com/api/1D62F2F90030C444/series/71585/all/en.zip' using The TVDB scraper (file: '/usr/share/kodi/addons/metadata.tvdb.com', content: 'tvshows', version: '1.8.4')
19:21:20.716 T:139736749926144 DEBUG: scraper: GetEpisodeDetails returned
51216The King Of Legend132http://thetvdb.com/banners/episodes/71585/51216.jpg1999-11-19025
19:21:20.716 T:139736749926144 DEBUG: Thread VideoInfoDownloader 139736749926144 terminating
19:21:20.731 T:139737649142144 DEBUG: VideoInfoScanner: Adding new item to tvshows:smb://TOWER/UNRAID/Anime/TV Shows/Gundam Collection/Correct Century/Turn A Gundam/Turn A Gundam - 1x32 - The King Of Legend.mkv
19:21:20.743 T:139737173862144 DEBUG: CAnnouncementManager - Announcement: OnUpdate from xbmc
19:21:20.743 T:139737173862144 DEBUG: GOT ANNOUNCEMENT, type: 16, from xbmc, message OnUpdate
19:21:20.746 T:139737649142144 DEBUG: GetEpisodeId (smb://TOWER/UNRAID/Anime/TV Shows/Gundam Collection/Correct Century/Turn A Gundam/Turn A Gundam - 1x33 - Captured Manuipich.mkv), query = select idEpisode from episode where idFile=5252
19:21:20.746 T:139737649142144 DEBUG: VideoInfoScanner: No NFO file found. Using title search for 'smb://TOWER/UNRAID/Anime/TV Shows/Gundam Collection/Correct Century/Turn A Gundam/Turn A Gundam - 1x33 - Captured Manuipich.mkv'
19:21:20.746 T:139736749926144 DEBUG: Thread VideoInfoDownloader start, auto delete: false
19:21:20.746 T:139736749926144 DEBUG: GetVideoDetails: Reading episode 'http://thetvdb.com/api/1D62F2F90030C444/series/71585/all/en.zip' using The TVDB scraper (file: '/usr/share/kodi/addons/metadata.tvdb.com', content: 'tvshows', version: '1.8.4')
19:21:20.749 T:139736749926144 DEBUG: scraper: GetEpisodeDetails returned
51217Captured Manuipich133http://thetvdb.com/banners/episodes/71585/51217.jpg1999-11-25025
19:21:20.749 T:139736749926144 DEBUG: Thread VideoInfoDownloader 139736749926144 terminating
19:21:20.764 T:139737649142144 DEBUG: VideoInfoScanner: Adding new item to tvshows:smb://TOWER/UNRAID/Anime/TV Shows/Gundam Collection/Correct Century/Turn A Gundam/Turn A Gundam - 1x33 - Captured Manuipich.mkv
19:21:20.777 T:139737173862144 DEBUG: CAnnouncementManager - Announcement: OnUpdate from xbmc
19:21:20.777 T:139737173862144 DEBUG: GOT ANNOUNCEMENT, type: 16, from xbmc, message OnUpdate
19:21:20.780 T:139737649142144 DEBUG: GetEpisodeId (smb://TOWER/UNRAID/Anime/TV Shows/Gundam Collection/Correct Century/Turn A Gundam/Turn A Gundam - 1x34 - Fly! Through The Stratosphere.mkv), query = select idEpisode from episode where idFile=5253
19:21:20.780 T:139737649142144 DEBUG: VideoInfoScanner: No NFO file found. Using title search for 'smb://TOWER/UNRAID/Anime/TV Shows/Gundam Collection/Correct Century/Turn A Gundam/Turn A Gundam - 1x34 - Fly! Through The Stratosphere.mkv'
19:21:20.780 T:139736749926144 DEBUG: Thread VideoInfoDownloader start, auto delete: false
19:21:20.780 T:139736749926144 DEBUG: GetVideoDetails: Reading episode 'http://thetvdb.com/api/1D62F2F90030C444/series/71585/all/en.zip' using The TVDB scraper (file: '/usr/share/kodi/addons/metadata.tvdb.com', content: 'tvshows', version: '1.8.4')
19:21:20.783 T:139736749926144 DEBUG: scraper: GetEpisodeDetails returned
51218Fly! Through The Stratosphere134http://thetvdb.com/banners/episodes/71585/51218.jpg1999-12-03025
19:21:20.783 T:139736749926144 DEBUG: Thread VideoInfoDownloader 139736749926144 terminating
19:21:20.797 T:139737649142144 DEBUG: VideoInfoScanner: Adding new item to tvshows:smb://TOWER/UNRAID/Anime/TV Shows/Gundam Collection/Correct Century/Turn A Gundam/Turn A Gundam - 1x34 - Fly! Through The Stratosphere.mkv
19:21:20.811 T:139737173862144 DEBUG: CAnnouncementManager - Announcement: OnUpdate from xbmc
19:21:20.811 T:139737173862144 DEBUG: GOT ANNOUNCEMENT, type: 16, from xbmc, message OnUpdate
19:21:20.813 T:139737649142144 DEBUG: GetEpisodeId (smb://TOWER/UNRAID/Anime/TV Shows/Gundam Collection/Correct Century/Turn A Gundam/Turn A Gundam - 1x35 - Zacktraeger.mkv), query = select idEpisode from episode where idFile=5254
19:21:20.813 T:139737649142144 DEBUG: VideoInfoScanner: No NFO file found. Using title search for 'smb://TOWER/UNRAID/Anime/TV Shows/Gundam Collection/Correct Century/Turn A Gundam/Turn A Gundam - 1x35 - Zacktraeger.mkv'
19:21:20.813 T:139736749926144 DEBUG: Thread VideoInfoDownloader start, auto delete: false
19:21:20.813 T:139736749926144 DEBUG: GetVideoDetails: Reading episode 'http://thetvdb.com/api/1D62F2F90030C444/series/71585/all/en.zip' using The TVDB scraper (file: '/usr/share/kodi/addons/metadata.tvdb.com', content: 'tvshows', version: '1.8.4')
19:21:20.816 T:139736749926144 DEBUG: scraper: GetEpisodeDetails returned
51219Zacktraeger135http://thetvdb.com/banners/episodes/71585/51219.jpg1999-12-10025
19:21:20.816 T:139736749926144 DEBUG: Thread VideoInfoDownloader 139736749926144 terminating
19:21:20.830 T:139737649142144 DEBUG: VideoInfoScanner: Adding new item to tvshows:smb://TOWER/UNRAID/Anime/TV Shows/Gundam Collection/Correct Century/Turn A Gundam/Turn A Gundam - 1x35 - Zacktraeger.mkv
19:21:20.855 T:139737173862144 DEBUG: CAnnouncementManager - Announcement: OnUpdate from xbmc
19:21:20.855 T:139737173862144 DEBUG: GOT ANNOUNCEMENT, type: 16, from xbmc, message OnUpdate
19:21:20.857 T:139737649142144 DEBUG: GetEpisodeId (smb://TOWER/UNRAID/Anime/TV Shows/Gundam Collection/Correct Century/Turn A Gundam/Turn A Gundam - 1x36 - The Militia's Decisive Space Battle.mkv), query = select idEpisode from episode where idFile=5255
19:21:20.858 T:139737649142144 DEBUG: VideoInfoScanner: No NFO file found. Using title search for 'smb://TOWER/UNRAID/Anime/TV Shows/Gundam Collection/Correct Century/Turn A Gundam/Turn A Gundam - 1x36 - The Militia's Decisive Space Battle.mkv'
19:21:20.858 T:139736749926144 DEBUG: Thread VideoInfoDownloader start, auto delete: false
19:21:20.858 T:139736749926144 DEBUG: GetVideoDetails: Reading episode 'http://thetvdb.com/api/1D62F2F90030C444/series/71585/all/en.zip' using The TVDB scraper (file: '/usr/share/kodi/addons/metadata.tvdb.com', content: 'tvshows', version: '1.8.4')
19:21:20.860 T:139736749926144 DEBUG: scraper: GetEpisodeDetails returned
51220The Militia's Decisive Space Battle136http://thetvdb.com/banners/episodes/71585/51220.jpg1999-12-17025
19:21:20.861 T:139736749926144 DEBUG: Thread VideoInfoDownloader 139736749926144 terminating
19:21:20.880 T:139737649142144 DEBUG: VideoInfoScanner: Adding new item to tvshows:smb://TOWER/UNRAID/Anime/TV Shows/Gundam Collection/Correct Century/Turn A Gundam/Turn A Gundam - 1x36 - The Militia's Decisive Space Battle.mkv
19:21:20.895 T:139737173862144 DEBUG: CAnnouncementManager - Announcement: OnUpdate from xbmc
19:21:20.895 T:139737173862144 DEBUG: GOT ANNOUNCEMENT, type: 16, from xbmc, message OnUpdate
19:21:20.897 T:139737649142144 DEBUG: GetEpisodeId (smb://TOWER/UNRAID/Anime/TV Shows/Gundam Collection/Correct Century/Turn A Gundam/Turn A Gundam - 1x37 - Gateway To The Moon.mkv), query = select idEpisode from episode where idFile=5256
19:21:20.897 T:139737649142144 DEBUG: VideoInfoScanner: No NFO file found. Using title search for 'smb://TOWER/UNRAID/Anime/TV Shows/Gundam Collection/Correct Century/Turn A Gundam/Turn A Gundam - 1x37 - Gateway To The Moon.mkv'
19:21:20.897 T:139736749926144 DEBUG: Thread VideoInfoDownloader start, auto delete: false
19:21:20.897 T:139736749926144 DEBUG: GetVideoDetails: Reading episode 'http://thetvdb.com/api/1D62F2F90030C444/series/71585/all/en.zip' using The TVDB scraper (file: '/usr/share/kodi/addons/metadata.tvdb.com', content: 'tvshows', version: '1.8.4')
19:21:20.900 T:139736749926144 DEBUG: scraper: GetEpisodeDetails returned
51221Gateway To The Moon137http://thetvdb.com/banners/episodes/71585/51221.jpg1999-12-24025
19:21:20.900 T:139736749926144 DEBUG: Thread VideoInfoDownloader 139736749926144 terminating
19:21:20.914 T:139737649142144 DEBUG: VideoInfoScanner: Adding new item to tvshows:smb://TOWER/UNRAID/Anime/TV Shows/Gundam Collection/Correct Century/Turn A Gundam/Turn A Gundam - 1x37 - Gateway To The Moon.mkv
19:21:20.932 T:139737173862144 DEBUG: CAnnouncementManager - Announcement: OnUpdate from xbmc
19:21:20.932 T:139737173862144 DEBUG: GOT ANNOUNCEMENT, type: 16, from xbmc, message OnUpdate
19:21:20.934 T:139737649142144 DEBUG: GetEpisodeId (smb://TOWER/UNRAID/Anime/TV Shows/Gundam Collection/Correct Century/Turn A Gundam/Turn A Gundam - 1x38 - Battle God Ghingnham.mkv), query = select idEpisode from episode where idFile=5257
19:21:20.934 T:139737649142144 DEBUG: VideoInfoScanner: No NFO file found. Using title search for 'smb://TOWER/UNRAID/Anime/TV Shows/Gundam Collection/Correct Century/Turn A Gundam/Turn A Gundam - 1x38 - Battle God Ghingnham.mkv'
19:21:20.935 T:139736749926144 DEBUG: Thread VideoInfoDownloader start, auto delete: false
19:21:20.935 T:139736749926144 DEBUG: GetVideoDetails: Reading episode 'http://thetvdb.com/api/1D62F2F90030C444/series/71585/all/en.zip' using The TVDB scraper (file: '/usr/share/kodi/addons/metadata.tvdb.com', content: 'tvshows', version: '1.8.4')
19:21:20.937 T:139736749926144 DEBUG: scraper: GetEpisodeDetails returned
51222Battle God Ghingnham138http://thetvdb.com/banners/episodes/71585/51222.jpg2000-01-07025
19:21:20.937 T:139736749926144 DEBUG: Thread VideoInfoDownloader 139736749926144 terminating
19:21:20.947 T:139737649142144 DEBUG: VideoInfoScanner: Adding new item to tvshows:smb://TOWER/UNRAID/Anime/TV Shows/Gundam Collection/Correct Century/Turn A Gundam/Turn A Gundam - 1x38 - Battle God Ghingnham.mkv
19:21:20.960 T:139737173862144 DEBUG: CAnnouncementManager - Announcement: OnUpdate from xbmc
19:21:20.960 T:139737173862144 DEBUG: GOT ANNOUNCEMENT, type: 16, from xbmc, message OnUpdate
19:21:20.963 T:139737649142144 DEBUG: GetEpisodeId (smb://TOWER/UNRAID/Anime/TV Shows/Gundam Collection/Correct Century/Turn A Gundam/Turn A Gundam - 1x39 - The Small Planetary Explosion.mkv), query = select idEpisode from episode where idFile=5258
19:21:20.963 T:139737649142144 DEBUG: VideoInfoScanner: No NFO file found. Using title search for 'smb://TOWER/UNRAID/Anime/TV Shows/Gundam Collection/Correct Century/Turn A Gundam/Turn A Gundam - 1x39 - The Small Planetary Explosion.mkv'
19:21:20.963 T:139736749926144 DEBUG: Thread VideoInfoDownloader start, auto delete: false
19:21:20.963 T:139736749926144 DEBUG: GetVideoDetails: Reading episode 'http://thetvdb.com/api/1D62F2F90030C444/series/71585/all/en.zip' using The TVDB scraper (file: '/usr/share/kodi/addons/metadata.tvdb.com', content: 'tvshows', version: '1.8.4')
19:21:20.966 T:139736749926144 DEBUG: scraper: GetEpisodeDetails returned
51223The Small Planetary Explosion139http://thetvdb.com/banners/episodes/71585/51223.jpg2000-01-14025
19:21:20.966 T:139736749926144 DEBUG: Thread VideoInfoDownloader 139736749926144 terminating
19:21:20.981 T:139737649142144 DEBUG: VideoInfoScanner: Adding new item to tvshows:smb://TOWER/UNRAID/Anime/TV Shows/Gundam Collection/Correct Century/Turn A Gundam/Turn A Gundam - 1x39 - The Small Planetary Explosion.mkv
19:21:20.996 T:139737173862144 DEBUG: CAnnouncementManager - Announcement: OnUpdate from xbmc
19:21:20.996 T:139737173862144 DEBUG: GOT ANNOUNCEMENT, type: 16, from xbmc, message OnUpdate
19:21:20.999 T:139737649142144 DEBUG: GetEpisodeId (smb://TOWER/UNRAID/Anime/TV Shows/Gundam Collection/Correct Century/Turn A Gundam/Turn A Gundam - 1x40 - Sea Battle On The Lunar Surface.mkv), query = select idEpisode from episode where idFile=5259
19:21:20.999 T:139737649142144 DEBUG: VideoInfoScanner: No NFO file found. Using title search for 'smb://TOWER/UNRAID/Anime/TV Shows/Gundam Collection/Correct Century/Turn A Gundam/Turn A Gundam - 1x40 - Sea Battle On The Lunar Surface.mkv'
19:21:20.999 T:139736749926144 DEBUG: Thread VideoInfoDownloader start, auto delete: false
19:21:20.999 T:139736749926144 DEBUG: GetVideoDetails: Reading episode 'http://thetvdb.com/api/1D62F2F90030C444/series/71585/all/en.zip' using The TVDB scraper (file: '/usr/share/kodi/addons/metadata.tvdb.com', content: 'tvshows', version: '1.8.4')
19:21:21.002 T:139736749926144 DEBUG: scraper: GetEpisodeDetails returned
51224Sea Battle On The Lunar Surface140http://thetvdb.com/banners/episodes/71585/51224.jpg2000-01-21025
19:21:21.002 T:139736749926144 DEBUG: Thread VideoInfoDownloader 139736749926144 terminating
19:21:21.014 T:139737649142144 DEBUG: VideoInfoScanner: Adding new item to tvshows:smb://TOWER/UNRAID/Anime/TV Shows/Gundam Collection/Correct Century/Turn A Gundam/Turn A Gundam - 1x40 - Sea Battle On The Lunar Surface.mkv
19:21:21.027 T:139737173862144 DEBUG: CAnnouncementManager - Announcement: OnUpdate from xbmc
19:21:21.027 T:139737173862144 DEBUG: GOT ANNOUNCEMENT, type: 16, from xbmc, message OnUpdate
19:21:21.029 T:139737649142144 DEBUG: GetEpisodeId (smb://TOWER/UNRAID/Anime/TV Shows/Gundam Collection/Correct Century/Turn A Gundam/Turn A Gundam - 1x41 - Determined To Fight.mkv), query = select idEpisode from episode where idFile=5260
19:21:21.030 T:139737649142144 DEBUG: VideoInfoScanner: No NFO file found. Using title search for 'smb://TOWER/UNRAID/Anime/TV Shows/Gundam Collection/Correct Century/Turn A Gundam/Turn A Gundam - 1x41 - Determined To Fight.mkv'
19:21:21.030 T:139736749926144 DEBUG: Thread VideoInfoDownloader start, auto delete: false
19:21:21.030 T:139736749926144 DEBUG: GetVideoDetails: Reading episode 'http://thetvdb.com/api/1D62F2F90030C444/series/71585/all/en.zip' using The TVDB scraper (file: '/usr/share/kodi/addons/metadata.tvdb.com', content: 'tvshows', version: '1.8.4')
19:21:21.032 T:139736749926144 DEBUG: scraper: GetEpisodeDetails returned
51225Determined To Fight141http://thetvdb.com/banners/episodes/71585/51225.jpg2000-01-28025
19:21:21.032 T:139736749926144 DEBUG: Thread VideoInfoDownloader 139736749926144 terminating
19:21:21.047 T:139737649142144 DEBUG: VideoInfoScanner: Adding new item to tvshows:smb://TOWER/UNRAID/Anime/TV Shows/Gundam Collection/Correct Century/Turn A Gundam/Turn A Gundam - 1x41 - Determined To Fight.mkv
19:21:21.064 T:139737173862144 DEBUG: CAnnouncementManager - Announcement: OnUpdate from xbmc
19:21:21.064 T:139737173862144 DEBUG: GOT ANNOUNCEMENT, type: 16, from xbmc, message OnUpdate
19:21:21.067 T:139737649142144 DEBUG: GetEpisodeId (smb://TOWER/UNRAID/Anime/TV Shows/Gundam Collection/Correct Century/Turn A Gundam/Turn A Gundam - 1x42 - Turn X Activated.mkv), query = select idEpisode from episode where idFile=5261
19:21:21.067 T:139737649142144 DEBUG: VideoInfoScanner: No NFO file found. Using title search for 'smb://TOWER/UNRAID/Anime/TV Shows/Gundam Collection/Correct Century/Turn A Gundam/Turn A Gundam - 1x42 - Turn X Activated.mkv'
19:21:21.067 T:139736749926144 DEBUG: Thread VideoInfoDownloader start, auto delete: false
19:21:21.067 T:139736749926144 DEBUG: GetVideoDetails: Reading episode 'http://thetvdb.com/api/1D62F2F90030C444/series/71585/all/en.zip' using The TVDB scraper (file: '/usr/share/kodi/addons/metadata.tvdb.com', content: 'tvshows', version: '1.8.4')
19:21:21.070 T:139736749926144 DEBUG: scraper: GetEpisodeDetails returned
51226Turn X Activated142http://thetvdb.com/banners/episodes/71585/51226.jpg2000-02-04025
19:21:21.070 T:139736749926144 DEBUG: Thread VideoInfoDownloader 139736749926144 terminating
19:21:21.080 T:139737649142144 DEBUG: VideoInfoScanner: Adding new item to tvshows:smb://TOWER/UNRAID/Anime/TV Shows/Gundam Collection/Correct Century/Turn A Gundam/Turn A Gundam - 1x42 - Turn X Activated.mkv
19:21:21.094 T:139737173862144 DEBUG: CAnnouncementManager - Announcement: OnUpdate from xbmc
19:21:21.094 T:139737173862144 DEBUG: GOT ANNOUNCEMENT, type: 16, from xbmc, message OnUpdate
19:21:21.096 T:139737649142144 DEBUG: GetEpisodeId (smb://TOWER/UNRAID/Anime/TV Shows/Gundam Collection/Correct Century/Turn A Gundam/Turn A Gundam - 1x43 - The Shocking Black History.mkv), query = select idEpisode from episode where idFile=5262
19:21:21.097 T:139737649142144 DEBUG: VideoInfoScanner: No NFO file found. Using title search for 'smb://TOWER/UNRAID/Anime/TV Shows/Gundam Collection/Correct Century/Turn A Gundam/Turn A Gundam - 1x43 - The Shocking Black History.mkv'
19:21:21.097 T:139736749926144 DEBUG: Thread VideoInfoDownloader start, auto delete: false
19:21:21.097 T:139736749926144 DEBUG: GetVideoDetails: Reading episode 'http://thetvdb.com/api/1D62F2F90030C444/series/71585/all/en.zip' using The TVDB scraper (file: '/usr/share/kodi/addons/metadata.tvdb.com', content: 'tvshows', version: '1.8.4')
19:21:21.099 T:139736749926144 DEBUG: scraper: GetEpisodeDetails returned
51227The Shocking Black History143http://thetvdb.com/banners/episodes/71585/51227.jpg2000-02-11025
19:21:21.099 T:139736749926144 DEBUG: Thread VideoInfoDownloader 139736749926144 terminating
19:21:21.114 T:139737649142144 DEBUG: VideoInfoScanner: Adding new item to tvshows:smb://TOWER/UNRAID/Anime/TV Shows/Gundam Collection/Correct Century/Turn A Gundam/Turn A Gundam - 1x43 - The Shocking Black History.mkv
19:21:21.127 T:139737173862144 DEBUG: CAnnouncementManager - Announcement: OnUpdate from xbmc
19:21:21.127 T:139737173862144 DEBUG: GOT ANNOUNCEMENT, type: 16, from xbmc, message OnUpdate
19:21:21.129 T:139737649142144 DEBUG: GetEpisodeId (smb://TOWER/UNRAID/Anime/TV Shows/Gundam Collection/Correct Century/Turn A Gundam/Turn A Gundam - 1x44 - A New Enemy.mkv), query = select idEpisode from episode where idFile=5263
19:21:21.129 T:139737649142144 DEBUG: VideoInfoScanner: No NFO file found. Using title search for 'smb://TOWER/UNRAID/Anime/TV Shows/Gundam Collection/Correct Century/Turn A Gundam/Turn A Gundam - 1x44 - A New Enemy.mkv'
19:21:21.129 T:139736749926144 DEBUG: Thread VideoInfoDownloader start, auto delete: false
19:21:21.129 T:139736749926144 DEBUG: GetVideoDetails: Reading episode 'http://thetvdb.com/api/1D62F2F90030C444/series/71585/all/en.zip' using The TVDB scraper (file: '/usr/share/kodi/addons/metadata.tvdb.com', content: 'tvshows', version: '1.8.4')
19:21:21.132 T:139736749926144 DEBUG: scraper: GetEpisodeDetails returned
51228A New Enemy144http://thetvdb.com/banners/episodes/71585/51228.jpg2000-02-18025
19:21:21.132 T:139736749926144 DEBUG: Thread VideoInfoDownloader 139736749926144 terminating
19:21:21.147 T:139737649142144 DEBUG: VideoInfoScanner: Adding new item to tvshows:smb://TOWER/UNRAID/Anime/TV Shows/Gundam Collection/Correct Century/Turn A Gundam/Turn A Gundam - 1x44 - A New Enemy.mkv
19:21:21.161 T:139737173862144 DEBUG: CAnnouncementManager - Announcement: OnUpdate from xbmc
19:21:21.161 T:139737173862144 DEBUG: GOT ANNOUNCEMENT, type: 16, from xbmc, message OnUpdate
19:21:21.163 T:139737649142144 DEBUG: GetEpisodeId (smb://TOWER/UNRAID/Anime/TV Shows/Gundam Collection/Correct Century/Turn A Gundam/Turn A Gundam - 1x45 - Guin's Betrayal.mkv), query = select idEpisode from episode where idFile=5264
19:21:21.163 T:139737649142144 DEBUG: VideoInfoScanner: No NFO file found. Using title search for 'smb://TOWER/UNRAID/Anime/TV Shows/Gundam Collection/Correct Century/Turn A Gundam/Turn A Gundam - 1x45 - Guin's Betrayal.mkv'
19:21:21.163 T:139736749926144 DEBUG: Thread VideoInfoDownloader start, auto delete: false
19:21:21.163 T:139736749926144 DEBUG: GetVideoDetails: Reading episode 'http://thetvdb.com/api/1D62F2F90030C444/series/71585/all/en.zip' using The TVDB scraper (file: '/usr/share/kodi/addons/metadata.tvdb.com', content: 'tvshows', version: '1.8.4')
19:21:21.166 T:139736749926144 DEBUG: scraper: GetEpisodeDetails returned
51229Guin's Betrayal145http://thetvdb.com/banners/episodes/71585/51229.jpg2000-02-25025
19:21:21.166 T:139736749926144 DEBUG: Thread VideoInfoDownloader 139736749926144 terminating
19:21:21.181 T:139737649142144 DEBUG: VideoInfoScanner: Adding new item to tvshows:smb://TOWER/UNRAID/Anime/TV Shows/Gundam Collection/Correct Century/Turn A Gundam/Turn A Gundam - 1x45 - Guin's Betrayal.mkv
19:21:21.194 T:139737173862144 DEBUG: CAnnouncementManager - Announcement: OnUpdate from xbmc
19:21:21.194 T:139737173862144 DEBUG: GOT ANNOUNCEMENT, type: 16, from xbmc, message OnUpdate
19:21:21.197 T:139737649142144 DEBUG: GetEpisodeId (smb://TOWER/UNRAID/Anime/TV Shows/Gundam Collection/Correct Century/Turn A Gundam/Turn A Gundam - 1x46 - Again, To Earth.mkv), query = select idEpisode from episode where idFile=5265
19:21:21.197 T:139737649142144 DEBUG: VideoInfoScanner: No NFO file found. Using title search for 'smb://TOWER/UNRAID/Anime/TV Shows/Gundam Collection/Correct Century/Turn A Gundam/Turn A Gundam - 1x46 - Again, To Earth.mkv'
19:21:21.197 T:139736749926144 DEBUG: Thread VideoInfoDownloader start, auto delete: false
19:21:21.197 T:139736749926144 DEBUG: GetVideoDetails: Reading episode 'http://thetvdb.com/api/1D62F2F90030C444/series/71585/all/en.zip' using The TVDB scraper (file: '/usr/share/kodi/addons/metadata.tvdb.com', content: 'tvshows', version: '1.8.4')
19:21:21.199 T:139736749926144 DEBUG: scraper: GetEpisodeDetails returned
51230Again, To Earth146http://thetvdb.com/banners/episodes/71585/51230.jpg2000-03-03025
19:21:21.200 T:139736749926144 DEBUG: Thread VideoInfoDownloader 139736749926144 terminating
19:21:21.214 T:139737649142144 DEBUG: VideoInfoScanner: Adding new item to tvshows:smb://TOWER/UNRAID/Anime/TV Shows/Gundam Collection/Correct Century/Turn A Gundam/Turn A Gundam - 1x46 - Again, To Earth.mkv
19:21:21.232 T:139737173862144 DEBUG: CAnnouncementManager - Announcement: OnUpdate from xbmc
19:21:21.232 T:139737173862144 DEBUG: GOT ANNOUNCEMENT, type: 16, from xbmc, message OnUpdate
19:21:21.234 T:139737649142144 DEBUG: GetEpisodeId (smb://TOWER/UNRAID/Anime/TV Shows/Gundam Collection/Correct Century/Turn A Gundam/Turn A Gundam - 1x47 - Ghingnham's Invasion.mkv), query = select idEpisode from episode where idFile=5266
19:21:21.234 T:139737649142144 DEBUG: VideoInfoScanner: No NFO file found. Using title search for 'smb://TOWER/UNRAID/Anime/TV Shows/Gundam Collection/Correct Century/Turn A Gundam/Turn A Gundam - 1x47 - Ghingnham's Invasion.mkv'
19:21:21.234 T:139736749926144 DEBUG: Thread VideoInfoDownloader start, auto delete: false
19:21:21.234 T:139736749926144 DEBUG: GetVideoDetails: Reading episode 'http://thetvdb.com/api/1D62F2F90030C444/series/71585/all/en.zip' using The TVDB scraper (file: '/usr/share/kodi/addons/metadata.tvdb.com', content: 'tvshows', version: '1.8.4')
19:21:21.237 T:139736749926144 DEBUG: scraper: GetEpisodeDetails returned
51231Ghingnham's Invasion147http://thetvdb.com/banners/episodes/71585/51231.jpg2000-03-10025
19:21:21.237 T:139736749926144 DEBUG: Thread VideoInfoDownloader 139736749926144 terminating
19:21:21.247 T:139737649142144 DEBUG: VideoInfoScanner: Adding new item to tvshows:smb://TOWER/UNRAID/Anime/TV Shows/Gundam Collection/Correct Century/Turn A Gundam/Turn A Gundam - 1x47 - Ghingnham's Invasion.mkv
19:21:21.262 T:139737173862144 DEBUG: CAnnouncementManager - Announcement: OnUpdate from xbmc
19:21:21.262 T:139737173862144 DEBUG: GOT ANNOUNCEMENT, type: 16, from xbmc, message OnUpdate
19:21:21.264 T:139737649142144 DEBUG: GetEpisodeId (smb://TOWER/UNRAID/Anime/TV Shows/Gundam Collection/Correct Century/Turn A Gundam/Turn A Gundam - 1x48 - Dianna's Repatriation.mkv), query = select idEpisode from episode where idFile=5267
19:21:21.264 T:139737649142144 DEBUG: VideoInfoScanner: No NFO file found. Using title search for 'smb://TOWER/UNRAID/Anime/TV Shows/Gundam Collection/Correct Century/Turn A Gundam/Turn A Gundam - 1x48 - Dianna's Repatriation.mkv'
19:21:21.264 T:139736749926144 DEBUG: Thread VideoInfoDownloader start, auto delete: false
19:21:21.264 T:139736749926144 DEBUG: GetVideoDetails: Reading episode 'http://thetvdb.com/api/1D62F2F90030C444/series/71585/all/en.zip' using The TVDB scraper (file: '/usr/share/kodi/addons/metadata.tvdb.com', content: 'tvshows', version: '1.8.4')
19:21:21.267 T:139736749926144 DEBUG: scraper: GetEpisodeDetails returned
51232Dianna's Repatriation148http://thetvdb.com/banners/episodes/71585/51232.jpg2000-03-17025
19:21:21.267 T:139736749926144 DEBUG: Thread VideoInfoDownloader 139736749926144 terminating
19:21:21.281 T:139737649142144 DEBUG: VideoInfoScanner: Adding new item to tvshows:smb://TOWER/UNRAID/Anime/TV Shows/Gundam Collection/Correct Century/Turn A Gundam/Turn A Gundam - 1x48 - Dianna's Repatriation.mkv
19:21:21.295 T:139737173862144 DEBUG: CAnnouncementManager - Announcement: OnUpdate from xbmc
19:21:21.295 T:139737173862144 DEBUG: GOT ANNOUNCEMENT, type: 16, from xbmc, message OnUpdate
19:21:21.298 T:139737649142144 DEBUG: GetEpisodeId (smb://TOWER/UNRAID/Anime/TV Shows/Gundam Collection/Correct Century/Turn A Gundam/Turn A Gundam - 1x49 - Moonlight Butterfly.mkv), query = select idEpisode from episode where idFile=5268
19:21:21.298 T:139737649142144 DEBUG: VideoInfoScanner: No NFO file found. Using title search for 'smb://TOWER/UNRAID/Anime/TV Shows/Gundam Collection/Correct Century/Turn A Gundam/Turn A Gundam - 1x49 - Moonlight Butterfly.mkv'
19:21:21.298 T:139736749926144 DEBUG: Thread VideoInfoDownloader start, auto delete: false
19:21:21.298 T:139736749926144 DEBUG: GetVideoDetails: Reading episode 'http://thetvdb.com/api/1D62F2F90030C444/series/71585/all/en.zip' using The TVDB scraper (file: '/usr/share/kodi/addons/metadata.tvdb.com', content: 'tvshows', version: '1.8.4')
19:21:21.301 T:139736749926144 DEBUG: scraper: GetEpisodeDetails returned
51233Moonlight Butterfly149http://thetvdb.com/banners/episodes/71585/51233.jpg2000-03-24025
19:21:21.301 T:139736749926144 DEBUG: Thread VideoInfoDownloader 139736749926144 terminating
19:21:21.314 T:139737649142144 DEBUG: VideoInfoScanner: Adding new item to tvshows:smb://TOWER/UNRAID/Anime/TV Shows/Gundam Collection/Correct Century/Turn A Gundam/Turn A Gundam - 1x49 - Moonlight Butterfly.mkv
19:21:21.340 T:139737173862144 DEBUG: CAnnouncementManager - Announcement: OnUpdate from xbmc
19:21:21.340 T:139737173862144 DEBUG: GOT ANNOUNCEMENT, type: 16, from xbmc, message OnUpdate
19:21:21.343 T:139737649142144 DEBUG: GetEpisodeId (smb://TOWER/UNRAID/Anime/TV Shows/Gundam Collection/Correct Century/Turn A Gundam/Turn A Gundam - 1x50 - Golden Autumn.mkv), query = select idEpisode from episode where idFile=5269
19:21:21.343 T:139737649142144 DEBUG: VideoInfoScanner: No NFO file found. Using title search for 'smb://TOWER/UNRAID/Anime/TV Shows/Gundam Collection/Correct Century/Turn A Gundam/Turn A Gundam - 1x50 - Golden Autumn.mkv'
19:21:21.343 T:139736749926144 DEBUG: Thread VideoInfoDownloader start, auto delete: false
19:21:21.343 T:139736749926144 DEBUG: GetVideoDetails: Reading episode 'http://thetvdb.com/api/1D62F2F90030C444/series/71585/all/en.zip' using The TVDB scraper (file: '/usr/share/kodi/addons/metadata.tvdb.com', content: 'tvshows', version: '1.8.4')
19:21:21.346 T:139736749926144 DEBUG: scraper: GetEpisodeDetails returned
51234Golden Autumn150http://thetvdb.com/banners/episodes/71585/51234.jpg2000-04-14025
19:21:21.346 T:139736749926144 DEBUG: Thread VideoInfoDownloader 139736749926144 terminating
19:21:21.364 T:139737649142144 DEBUG: VideoInfoScanner: Adding new item to tvshows:smb://TOWER/UNRAID/Anime/TV Shows/Gundam Collection/Correct Century/Turn A Gundam/Turn A Gundam - 1x50 - Golden Autumn.mkv
19:21:21.377 T:139737173862144 DEBUG: CAnnouncementManager - Announcement: OnUpdate from xbmc
19:21:21.377 T:139737173862144 DEBUG: GOT ANNOUNCEMENT, type: 16, from xbmc, message OnUpdate
19:21:21.377 T:139737649142144 DEBUG: GetArtwork: Reading artwork for '71585' using The TVDB scraper (file: '/usr/share/kodi/addons/metadata.tvdb.com', content: 'tvshows', version: '1.8.4')
19:21:21.377 T:139737649142144 DEBUG: scraper: GetArt returned
http://thetvdb.com/api/1D62F2F90030C444/series/71585/banners.xml
19:21:21.382 T:139737649142144 DEBUG: scraper: ParseArt returned
http://thetvdb.com/banners/graphical/14259-g.jpghttp://thetvdb.com/banners/graphical/71585-g.jpghttp://thetvdb.com/banners/seasons/71585-1-2.jpghttp://thetvdb.com/banners/seasons/71585-1.jpghttp://thetvdb.com/banners/posters/71585-3.jpghttp://thetvdb.com/banners/posters/71585-1.jpghttp://thetvdb.com/banners/posters/71585-2.jpghttp://thetvdb.com/banners/posters/71585-3.jpghttp://thetvdb.com/banners/posters/71585-1.jpghttp://thetvdb.com/banners/posters/71585-2.jpgfanart/original/71585-1.jpgfanart/original/71585-2.jpgfanart/original/71585-3.jpg
19:21:21.382 T:139737649142144 ERROR: GetDirectory - Error getting
19:21:21.396 T:139737649142144 DEBUG: ------ Window Init (DialogVideoInfo.xml) ------
19:21:21.404 T:139736749926144 DEBUG: Thread JobWorker start, auto delete: true
19:21:21.613 T:139737649142144 DEBUG: Previous line repeats 1 times.
19:21:21.613 T:139737649142144 DEBUG: ------ Window Deinit (DialogConfirm.xml) ------
19:21:21.714 T:139736758318848 ERROR: DoWork - Direct texture file loading failed for resource://resource.images.studios.white/Fuji TV.png
19:21:21.714 T:139736758318848 DEBUG: GetImageHash - unable to stat url resource://resource.images.studios.white/Fuji TV.png
19:21:24.910 T:139737649142144 DEBUG: Keyboard: scancode: 0x72, sym: 0x0113, unicode: 0x0000, modifier: 0x0
19:21:24.910 T:139737649142144 DEBUG: OnKey: right (0xf083) pressed, action is Right
19:21:25.062 T:139737649142144 DEBUG: Keyboard: scancode: 0x72, sym: 0x0113, unicode: 0x0000, modifier: 0x0
19:21:25.155 T:139737649142144 DEBUG: Previous line repeats 1 times.
19:21:25.155 T:139737649142144 DEBUG: OnKey: right (0xf083) pressed, action is Right
19:21:25.279 T:139737649142144 DEBUG: Keyboard: scancode: 0x72, sym: 0x0113, unicode: 0x0000, modifier: 0x0
19:21:25.527 T:139737649142144 DEBUG: Keyboard: scancode: 0x09, sym: 0x001b, unicode: 0x001b, modifier: 0x0
19:21:25.721 T:139737649142144 DEBUG: OnKey: escape (0xf01b) pressed, action is PreviousMenu
19:21:25.721 T:139737649142144 DEBUG: Keyboard: scancode: 0x09, sym: 0x001b, unicode: 0x0000, modifier: 0x0
19:21:26.029 T:139737649142144 DEBUG: ------ Window Deinit (DialogVideoInfo.xml) ------
19:21:26.030 T:139737649142144 DEBUG: CGUIMediaWindow::GetDirectory (smb://TOWER/UNRAID/Anime/TV Shows/Gundam Collection/Correct Century/)
19:21:26.030 T:139737649142144 DEBUG: ParentPath = [smb://TOWER/UNRAID/Anime/TV Shows/Gundam Collection/Correct Century/]
19:21:26.048 T:139737649142144 DEBUG: RunQuery took 0 ms for 0 items query: select * from episode_view WHERE c19=295
19:21:26.049 T:139736653584128 DEBUG: Thread BackgroundLoader start, auto delete: false
19:21:26.050 T:139737649142144 DEBUG: Keyboard: scancode: 0x36, sym: 0x0063, unicode: 0x0000, modifier: 0x0
19:21:26.052 T:139736653584128 DEBUG: Thread BackgroundLoader 139736653584128 terminating
19:21:26.956 T:139737649142144 DEBUG: Keyboard: scancode: 0x24, sym: 0x000d, unicode: 0x000d, modifier: 0x0
19:21:27.079 T:139737649142144 DEBUG: OnKey: return (0xf00d) pressed, action is Select
19:21:27.080 T:139737649142144 DEBUG: CGUIMediaWindow::GetDirectory (smb://TOWER/UNRAID/Anime/TV Shows/Gundam Collection/Correct Century/Turn A Gundam/)
19:21:27.080 T:139737649142144 DEBUG: ParentPath = [smb://TOWER/UNRAID/Anime/TV Shows/Gundam Collection/Correct Century/]
19:21:27.388 T:139737649142144 DEBUG: RunQuery took 1 ms for 50 items query: select * from episode_view WHERE c19=296
19:21:27.390 T:139737649142144 DEBUG: RunQuery took 0 ms for 54 items query: SELECT files.strFilename, files.playCount, bookmark.timeInSeconds, bookmark.totalTimeInSeconds FROM files LEFT JOIN bookmark ON files.idFile = bookmark.idFile AND bookmark.type = 1 WHERE files.idPath=296
19:21:27.391 T:139736653584128 DEBUG: Thread BackgroundLoader start, auto delete: false
19:21:27.392 T:139737649142144 DEBUG: Keyboard: scancode: 0x24, sym: 0x000d, unicode: 0x0000, modifier: 0x0
19:21:27.414 T:139736653584128 DEBUG: Thread BackgroundLoader 139736653584128 terminating
19:21:28.737 T:139737649142144 DEBUG: Keyboard: scancode: 0x74, sym: 0x0112, unicode: 0x0000, modifier: 0x0
19:21:28.737 T:139737649142144 DEBUG: OnKey: down (0xf081) pressed, action is Down
19:21:28.879 T:139737649142144 DEBUG: Keyboard: scancode: 0x74, sym: 0x0112, unicode: 0x0000, modifier: 0x0
19:21:29.029 T:139737649142144 DEBUG: Keyboard: scancode: 0x24, sym: 0x000d, unicode: 0x000d, modifier: 0x0
19:21:29.186 T:139737649142144 DEBUG: OnKey: return (0xf00d) pressed, action is Select
19:21:29.186 T:139737649142144 DEBUG: CGUIMediaWindow::GetDirectory (smb://TOWER/UNRAID/Anime/TV Shows/Gundam Collection/Correct Century/Turn A Gundam/DONOTSCAN/)
19:21:29.186 T:139737649142144 DEBUG: ParentPath = [smb://TOWER/UNRAID/Anime/TV Shows/Gundam Collection/Correct Century/Turn A Gundam/]
19:21:29.485 T:139737649142144 DEBUG: RunQuery took 0 ms for 54 items query: SELECT files.strFilename, files.playCount, bookmark.timeInSeconds, bookmark.totalTimeInSeconds FROM files LEFT JOIN bookmark ON files.idFile = bookmark.idFile AND bookmark.type = 1 WHERE files.idPath=297
19:21:29.486 T:139736653584128 DEBUG: Thread BackgroundLoader start, auto delete: false
19:21:29.488 T:139737649142144 DEBUG: Keyboard: scancode: 0x24, sym: 0x000d, unicode: 0x0000, modifier: 0x0
19:21:29.552 T:139736653584128 DEBUG: Thread BackgroundLoader 139736653584128 terminating
19:21:29.920 T:139737649142144 DEBUG: Keyboard: scancode: 0x74, sym: 0x0112, unicode: 0x0000, modifier: 0x0
19:21:29.920 T:139737649142144 DEBUG: OnKey: down (0xf081) pressed, action is Down
19:21:30.013 T:139737649142144 DEBUG: Keyboard: scancode: 0x74, sym: 0x0112, unicode: 0x0000, modifier: 0x0
19:21:30.114 T:139737649142144 DEBUG: Previous line repeats 1 times.
19:21:30.114 T:139737649142144 DEBUG: OnKey: down (0xf081) pressed, action is Down
19:21:30.230 T:139737649142144 DEBUG: Keyboard: scancode: 0x74, sym: 0x0112, unicode: 0x0000, modifier: 0x0
19:21:30.297 T:139737649142144 DEBUG: Previous line repeats 1 times.
19:21:30.297 T:139737649142144 DEBUG: OnKey: down (0xf081) pressed, action is Down
19:21:30.430 T:139737649142144 DEBUG: Keyboard: scancode: 0x74, sym: 0x0112, unicode: 0x0000, modifier: 0x0
19:21:30.480 T:139737649142144 DEBUG: Previous line repeats 1 times.
19:21:30.480 T:139737649142144 DEBUG: OnKey: down (0xf081) pressed, action is Down
19:21:30.597 T:139737649142144 DEBUG: Keyboard: scancode: 0x74, sym: 0x0112, unicode: 0x0000, modifier: 0x0
19:21:30.663 T:139737649142144 DEBUG: Previous line repeats 1 times.
19:21:30.663 T:139737649142144 DEBUG: OnKey: down (0xf081) pressed, action is Down
19:21:30.780 T:139737649142144 DEBUG: Keyboard: scancode: 0x74, sym: 0x0112, unicode: 0x0000, modifier: 0x0
19:21:31.469 T:139737649142144 DEBUG: Previous line repeats 1 times.
19:21:31.469 T:139737649142144 DEBUG: OnKey: down (0xf081) pressed, action is Down
19:21:31.615 T:139737649142144 DEBUG: Keyboard: scancode: 0x74, sym: 0x0112, unicode: 0x0000, modifier: 0x0
19:21:31.750 T:139737649142144 DEBUG: Previous line repeats 1 times.
19:21:31.750 T:139737649142144 DEBUG: OnKey: down (0xf081) pressed, action is Down
19:21:31.883 T:139737649142144 DEBUG: Keyboard: scancode: 0x74, sym: 0x0112, unicode: 0x0000, modifier: 0x0
19:21:32.050 T:139737649142144 DEBUG: Previous line repeats 1 times.
19:21:32.050 T:139737649142144 DEBUG: OnKey: down (0xf081) pressed, action is Down
19:21:32.218 T:139737649142144 DEBUG: Keyboard: scancode: 0x74, sym: 0x0112, unicode: 0x0000, modifier: 0x0
19:21:34.321 T:139737649142144 DEBUG: Keyboard: scancode: 0x1f, sym: 0x0069, unicode: 0x0069, modifier: 0x0
19:21:34.321 T:139737649142144 DEBUG: OnKey: i (0xf049) pressed, action is Info
19:21:34.322 T:139737649142144 DEBUG: GetMovieId (smb://TOWER/UNRAID/Anime/TV Shows/Gundam Collection/Correct Century/Turn A Gundam/DONOTSCAN/Turn A Gundam - 1x04 - Soldiers From Home.avi), query = select idMovie from movie where idFile=5173
19:21:34.326 T:139737649142144 DEBUG: ------ Window Init (DialogVideoInfo.xml) ------
19:21:34.447 T:139737649142144 DEBUG: Keyboard: scancode: 0x1f, sym: 0x0069, unicode: 0x0000, modifier: 0x0
19:21:35.245 T:139737649142144 DEBUG: Keyboard: scancode: 0x1f, sym: 0x0069, unicode: 0x0069, modifier: 0x0
19:21:35.245 T:139737649142144 DEBUG: OnKey: i (0xf049) pressed, action is Back
19:21:35.431 T:139737649142144 DEBUG: Keyboard: scancode: 0x1f, sym: 0x0069, unicode: 0x0000, modifier: 0x0
19:21:35.565 T:139737649142144 DEBUG: ------ Window Deinit (DialogVideoInfo.xml) ------
19:21:36.039 T:139737649142144 DEBUG: Keyboard: scancode: 0x1f, sym: 0x0069, unicode: 0x0069, modifier: 0x0
19:21:36.039 T:139737649142144 DEBUG: OnKey: i (0xf049) pressed, action is Info
19:21:36.039 T:139737649142144 DEBUG: GetMovieId (smb://TOWER/UNRAID/Anime/TV Shows/Gundam Collection/Correct Century/Turn A Gundam/DONOTSCAN/Turn A Gundam - 1x04 - Soldiers From Home.avi), query = select idMovie from movie where idFile=5173
19:21:36.050 T:139737649142144 DEBUG: ------ Window Init (DialogVideoInfo.xml) ------
19:21:36.163 T:139737649142144 DEBUG: Keyboard: scancode: 0x1f, sym: 0x0069, unicode: 0x0000, modifier: 0x0
19:21:36.813 T:139737649142144 DEBUG: Keyboard: scancode: 0x72, sym: 0x0113, unicode: 0x0000, modifier: 0x0
19:21:36.813 T:139737649142144 DEBUG: OnKey: right (0xf083) pressed, action is Right
19:21:36.955 T:139737649142144 DEBUG: Keyboard: scancode: 0x72, sym: 0x0113, unicode: 0x0000, modifier: 0x0
19:21:37.229 T:139737649142144 DEBUG: Previous line repeats 1 times.
19:21:37.229 T:139737649142144 DEBUG: OnKey: right (0xf083) pressed, action is Right
19:21:37.397 T:139737649142144 DEBUG: Keyboard: scancode: 0x72, sym: 0x0113, unicode: 0x0000, modifier: 0x0
19:21:37.705 T:139737649142144 DEBUG: Keyboard: scancode: 0x1f, sym: 0x0069, unicode: 0x0069, modifier: 0x0
19:21:37.705 T:139737649142144 DEBUG: OnKey: i (0xf049) pressed, action is Back
19:21:37.847 T:139737649142144 DEBUG: Keyboard: scancode: 0x1f, sym: 0x0069, unicode: 0x0000, modifier: 0x0
19:21:38.015 T:139737649142144 DEBUG: ------ Window Deinit (DialogVideoInfo.xml) ------
19:21:38.917 T:139737649142144 DEBUG: Keyboard: scancode: 0x09, sym: 0x001b, unicode: 0x001b, modifier: 0x0
19:21:39.153 T:139737649142144 DEBUG: OnKey: escape (0xf01b) pressed, action is PreviousMenu
19:21:39.153 T:139737649142144 DEBUG: CGUIWindowManager::PreviousWindow: Deactivate
19:21:39.481 T:139737649142144 DEBUG: ------ Window Deinit (MyVideoNav.xml) ------
19:21:39.482 T:139737649142144 DEBUG: CGUIWindowManager::PreviousWindow: Activate new
19:21:39.482 T:139737649142144 DEBUG: ------ Window Init (Home.xml) ------
19:21:39.482 T:139737649142144 DEBUG: CDirectoryProvider[special://skin/playlists/inprogress_movies.xsp]: refreshing..
19:21:39.482 T:139737649142144 DEBUG: CDirectoryProvider[special://skin/playlists/recent_unwatched_movies.xsp]: refreshing..
19:21:39.482 T:139737649142144 DEBUG: CDirectoryProvider[special://skin/playlists/unwatched_movies.xsp]: refreshing..
19:21:39.482 T:139737649142144 DEBUG: CDirectoryProvider[special://skin/playlists/random_movies.xsp]: refreshing..
19:21:39.482 T:139737649142144 DEBUG: CDirectoryProvider[videodb://movies/genres/]: refreshing..
19:21:39.482 T:139737649142144 DEBUG: CDirectoryProvider[videodb://movies/sets/]: refreshing..
19:21:39.482 T:139737649142144 DEBUG: CDirectoryProvider[special://skin/playlists/recent_unwatched_episodes.xsp]: refreshing..
19:21:39.482 T:139737649142144 DEBUG: CDirectoryProvider[special://skin/playlists/unwatched_tvshows.xsp]: refreshing..
19:21:39.482 T:139737649142144 DEBUG: CDirectoryProvider[videodb://tvshows/genres/]: refreshing..
19:21:39.482 T:139737649142144 DEBUG: CDirectoryProvider[videodb://tvshows/studios/]: refreshing..
19:21:39.482 T:139736653584128 DEBUG: Thread JobWorker start, auto delete: true
19:21:39.484 T:139737649142144 DEBUG: Keyboard: scancode: 0x09, sym: 0x001b, unicode: 0x0000, modifier: 0x0
19:21:39.492 T:139736758318848 DEBUG: RunQuery took 1 ms for 1 items query: select * from movie_view WHERE (movie_view.idFile IN (SELECT DISTINCT idFile FROM bookmark WHERE type = 1))
19:21:39.501 T:139736749926144 DEBUG: RunQuery took 17 ms for 821 items query: select * from movie_view WHERE ((movie_view.dateAdded > '1900-01-01')) AND ((movie_view.playCount IS NULL OR movie_view.playCount < 1))
19:21:39.507 T:139736653584128 DEBUG: RunQuery took 17 ms for 821 items query: select * from movie_view WHERE ((movie_view.playCount IS NULL OR movie_view.playCount = 0))
19:21:39.525 T:139736758318848 DEBUG: RunQuery took 22 ms for 821 items query: select * from movie_view
19:21:39.541 T:139736653584128 DEBUG: RunQuery took 10 ms for 20 items query: SELECT genre.genre_id, genre.name, count(1), count(files.playCount) FROM genre JOIN genre_link ON genre.genre_id = genre_link.genre_id JOIN movie_view ON genre_link.media_id = movie_view.idMovie AND genre_link.media_type='movie' JOIN files ON files.idFile = movie_view.idFile GROUP BY genre.genre_id
19:21:39.558 T:139736749926144 DEBUG: RunQuery took 18 ms for 438 items query: select * from movie_view JOIN sets ON movie_view.idSet = sets.idSet ORDER BY sets.idSet
19:21:39.571 T:139736758318848 DEBUG: RunQuery took 15 ms for 101 items query: SELECT * FROM tvshow_view WHERE ((tvshow_view.watchedcount = 0)) AND ((tvshow_view.totalCount > 0))
19:21:39.600 T:139736653584128 DEBUG: RunQuery took 45 ms for 3317 items query: select * from episode_view WHERE ((episode_view.dateAdded > '1900-01-01')) AND ((episode_view.playCount IS NULL OR episode_view.playCount < 1))
19:21:39.600 T:139736758318848 DEBUG: RunQuery took 16 ms for 15 items query: SELECT genre.genre_id, genre.name FROM genre JOIN genre_link ON genre.genre_id = genre_link.genre_id JOIN tvshow_view ON genre_link.media_id = tvshow_view.idShow AND genre_link.media_type='tvshow' GROUP BY genre.genre_id
19:21:39.604 T:139736749926144 DEBUG: RunQuery took 11 ms for 25 items query: SELECT studio.studio_id, studio.name FROM studio JOIN studio_link ON studio.studio_id = studio_link.studio_id JOIN tvshow_view ON studio_link.media_id = tvshow_view.idShow AND studio_link.media_type='tvshow' GROUP BY studio.studio_id
19:21:39.607 T:139736758318848 DEBUG: CRecentlyAddedJob::UpdateVideos() - Running RecentlyAdded home screen update
19:21:39.633 T:139736758318848 DEBUG: RunQuery took 19 ms for 10 items query: select * from movie_view ORDER BY dateAdded desc, idMovie desc LIMIT 10
19:21:39.666 T:139736758318848 DEBUG: RunQuery took 30 ms for 10 items query: select * from episode_view ORDER BY dateAdded desc, idEpisode desc LIMIT 10
19:21:39.671 T:139736758318848 DEBUG: RunQuery took 1 ms for 0 items query: select * from musicvideo_view ORDER BY dateAdded desc, idMVideo desc LIMIT 10
19:21:39.673 T:139736758318848 DEBUG: CRecentlyAddedJob::UpdateTotal() - Running RecentlyAdded home screen update
19:21:39.674 T:139736758318848 DEBUG: GetArtistsByWhere query: SELECT COUNT(DISTINCT artistview.idArtist) FROM artistview WHERE ((EXISTS (SELECT 1 FROM song_artist WHERE song_artist.idArtist = artistview.idArtist AND song_artist.idRole = 1) OR EXISTS (SELECT 1 FROM album_artist WHERE album_artist.idArtist = artistview.idArtist)) AND (artistview.strArtist != '')) AND (artistview.strArtist <> 'Various artists')
19:21:40.712 T:139737649142144 DEBUG: Keyboard: scancode: 0x6f, sym: 0x0111, unicode: 0x0000, modifier: 0x0
19:21:40.712 T:139737649142144 DEBUG: OnKey: up (0xf080) pressed, action is Up
19:21:40.829 T:139737649142144 DEBUG: Keyboard: scancode: 0x6f, sym: 0x0111, unicode: 0x0000, modifier: 0x0
19:21:40.929 T:139737649142144 DEBUG: Previous line repeats 1 times.
19:21:40.929 T:139737649142144 DEBUG: OnKey: up (0xf080) pressed, action is Up
19:21:41.029 T:139737649142144 DEBUG: Keyboard: scancode: 0x6f, sym: 0x0111, unicode: 0x0000, modifier: 0x0
19:21:41.097 T:139737649142144 DEBUG: Previous line repeats 1 times.
19:21:41.097 T:139737649142144 DEBUG: OnKey: up (0xf080) pressed, action is Up
19:21:41.196 T:139737649142144 DEBUG: Keyboard: scancode: 0x6f, sym: 0x0111, unicode: 0x0000, modifier: 0x0
19:21:41.280 T:139737649142144 DEBUG: Previous line repeats 1 times.
19:21:41.280 T:139737649142144 DEBUG: OnKey: up (0xf080) pressed, action is Up
19:21:41.380 T:139737649142144 DEBUG: Keyboard: scancode: 0x6f, sym: 0x0111, unicode: 0x0000, modifier: 0x0
19:21:41.496 T:139737649142144 DEBUG: Previous line repeats 1 times.
19:21:41.496 T:139737649142144 DEBUG: OnKey: up (0xf080) pressed, action is Up
19:21:41.499 T:139737029404416 DEBUG: Thread JobWorker start, auto delete: true
19:21:41.500 T:139737649142144 DEBUG: [Warning] CGUITextureManager::GetTexturePath: could not find texture 'DefaultStudio.png'
19:21:41.664 T:139737649142144 DEBUG: Previous line repeats 5 times.
19:21:41.664 T:139737649142144 DEBUG: Keyboard: scancode: 0x6f, sym: 0x0111, unicode: 0x0000, modifier: 0x0
19:21:45.050 T:139737649142144 DEBUG: Keyboard: scancode: 0x24, sym: 0x000d, unicode: 0x000d, modifier: 0x0
19:21:45.180 T:139737649142144 DEBUG: OnKey: return (0xf00d) pressed, action is Select
19:21:45.180 T:139737649142144 DEBUG: Activating window ID: 10025
19:21:45.513 T:139737649142144 DEBUG: ------ Window Deinit (Home.xml) ------
19:21:45.517 T:139737649142144 DEBUG: ------ Window Init (MyVideoNav.xml) ------
19:21:45.517 T:139737649142144 DEBUG: CGUIMediaWindow::GetDirectory (videodb://tvshows/titles/)
19:21:45.517 T:139737649142144 DEBUG: ParentPath = [videodb://tvshows/titles/]
19:21:45.525 T:139737649142144 DEBUG: RunQuery took 7 ms for 101 items query: SELECT * FROM tvshow_view WHERE totalCount IS NOT NULL AND totalCount > 0
19:21:45.531 T:139736672990976 DEBUG: Thread BackgroundLoader start, auto delete: false
19:21:45.538 T:139737649142144 DEBUG: Keyboard: scancode: 0x24, sym: 0x000d, unicode: 0x0000, modifier: 0x0
19:21:45.539 T:139736672990976 DEBUG: Thread BackgroundLoader 139736672990976 terminating
19:21:45.864 T:139736749926144 ERROR: DoWork - Direct texture file loading failed for resource://resource.images.studios.white/NTV.png
19:21:45.864 T:139736749926144 DEBUG: GetImageHash - unable to stat url resource://resource.images.studios.white/NTV.png
19:21:47.319 T:139737649142144 DEBUG: Keyboard: scancode: 0x74, sym: 0x0112, unicode: 0x0000, modifier: 0x0
19:21:47.319 T:139737649142144 DEBUG: OnKey: down (0xf081) pressed, action is Down
19:21:47.320 T:139736758318848 ERROR: DoWork - Direct texture file loading failed for resource://resource.images.studios.white/Fuji TV.png
19:21:47.320 T:139736758318848 DEBUG: GetImageHash - unable to stat url resource://resource.images.studios.white/Fuji TV.png
19:21:47.447 T:139737649142144 DEBUG: Keyboard: scancode: 0x74, sym: 0x0112, unicode: 0x0000, modifier: 0x0
19:21:49.222 T:139737649142144 DEBUG: Keyboard: scancode: 0x09, sym: 0x001b, unicode: 0x001b, modifier: 0x0
19:21:49.427 T:139737649142144 DEBUG: OnKey: escape (0xf01b) pressed, action is PreviousMenu
19:21:49.427 T:139737649142144 DEBUG: CGUIWindowManager::PreviousWindow: Deactivate
19:21:49.746 T:139737649142144 DEBUG: ------ Window Deinit (MyVideoNav.xml) ------
19:21:49.748 T:139737649142144 DEBUG: CGUIWindowManager::PreviousWindow: Activate new
19:21:49.748 T:139737649142144 DEBUG: ------ Window Init (Home.xml) ------
19:21:49.750 T:139737649142144 DEBUG: Keyboard: scancode: 0x09, sym: 0x001b, unicode: 0x0000, modifier: 0x0
19:21:50.419 T:139737649142144 DEBUG: Keyboard: scancode: 0x74, sym: 0x0112, unicode: 0x0000, modifier: 0x0
19:21:50.419 T:139737649142144 DEBUG: OnKey: down (0xf081) pressed, action is Down
19:21:50.531 T:139737649142144 DEBUG: Keyboard: scancode: 0x74, sym: 0x0112, unicode: 0x0000, modifier: 0x0
19:21:50.614 T:139737649142144 DEBUG: Previous line repeats 1 times.
19:21:50.614 T:139737649142144 DEBUG: OnKey: down (0xf081) pressed, action is Down
19:21:50.715 T:139737649142144 DEBUG: Keyboard: scancode: 0x74, sym: 0x0112, unicode: 0x0000, modifier: 0x0
19:21:50.796 T:139737649142144 DEBUG: Previous line repeats 1 times.
19:21:50.796 T:139737649142144 DEBUG: OnKey: down (0xf081) pressed, action is Down
19:21:50.880 T:139737649142144 DEBUG: Keyboard: scancode: 0x74, sym: 0x0112, unicode: 0x0000, modifier: 0x0
19:21:50.980 T:139737649142144 DEBUG: Previous line repeats 1 times.
19:21:50.980 T:139737649142144 DEBUG: OnKey: down (0xf081) pressed, action is Down
19:21:51.097 T:139737649142144 DEBUG: Keyboard: scancode: 0x74, sym: 0x0112, unicode: 0x0000, modifier: 0x0
19:21:51.164 T:139737649142144 DEBUG: Previous line repeats 1 times.
19:21:51.164 T:139737649142144 DEBUG: OnKey: down (0xf081) pressed, action is Down
19:21:51.265 T:139737649142144 DEBUG: Keyboard: scancode: 0x74, sym: 0x0112, unicode: 0x0000, modifier: 0x0
19:22:17.322 T:139736749926144 DEBUG: Thread JobWorker 139736749926144 terminating (autodelete)
19:22:17.322 T:139736758318848 DEBUG: Thread JobWorker 139736758318848 terminating (autodelete)
19:22:17.328 T:139737029404416 DEBUG: Thread JobWorker 139737029404416 terminating (autodelete)
19:22:17.332 T:139736653584128 DEBUG: Thread JobWorker 139736653584128 terminating (autodelete)